 
{"id":41,"date":"2024-11-15T16:20:08","date_gmt":"2024-11-15T09:20:08","guid":{"rendered":"https:\/\/knstgroup.com\/sites\/loctancuong\/gio-hang\/"},"modified":"2024-11-15T16:20:08","modified_gmt":"2024-11-15T09:20:08","slug":"gio-hang","status":"publish","type":"page","link":"https:\/\/knstgroup.com\/sites\/loctancuong\/gio-hang\/","title":{"rendered":"Gi\u1ecf h\u00e0ng"},"content":{"rendered":"\n<div data-block-name=\"woocommerce\/cart\" class=\"wp-block-woocommerce-cart alignwide is-loading\">\n<div data-block-name=\"woocommerce\/filled-cart-block\" class=\"wp-block-woocommerce-filled-cart-block\">\n<div data-block-name=\"woocommerce\/cart-items-block\" class=\"wp-block-woocommerce-cart-items-block\">\n<div data-block-name=\"woocommerce\/cart-line-items-block\" class=\"wp-block-woocommerce-cart-line-items-block\"><\/div>\n\n\n\n<div data-block-name=\"woocommerce\/cart-cross-sells-block\" class=\"wp-block-woocommerce-cart-cross-sells-block\">\n<h2 class=\"wp-block-heading has-large-font-size\">B\u1ea1n c\u00f3 th\u1ec3 quan t\u00e2m \u0111\u1ebfn\u2026<\/h2>\n\n\n\n<div data-block-name=\"woocommerce\/cart-cross-sells-products-block\" class=\"wp-block-woocommerce-cart-cross-sells-products-block\"><\/div>\n<\/div>\n<\/div>\n\n\n\n<div data-block-name=\"woocommerce\/cart-totals-block\" class=\"wp-block-woocommerce-cart-totals-block\">\n<div data-block-name=\"woocommerce\/cart-order-summary-block\" class=\"wp-block-woocommerce-cart-order-summary-block\">\n<div data-block-name=\"woocommerce\/cart-order-summary-heading-block\" class=\"wp-block-woocommerce-cart-order-summary-heading-block\"><\/div><div data-block-name=\"woocommerce\/cart-order-summary-coupon-form-block\" class=\"wp-block-woocommerce-cart-order-summary-coupon-form-block\"><\/div><div data-block-name=\"woocommerce\/cart-order-summary-totals-block\" class=\"wp-block-woocommerce-cart-order-summary-totals-block\">\n<div data-block-name=\"woocommerce\/cart-order-summary-subtotal-block\" class=\"wp-block-woocommerce-cart-order-summary-subtotal-block\"><\/div>\n<div data-block-name=\"woocommerce\/cart-order-summary-discount-block\" class=\"wp-block-woocommerce-cart-order-summary-discount-block\"><\/div>\n<div data-block-name=\"woocommerce\/cart-order-summary-fee-block\" class=\"wp-block-woocommerce-cart-order-summary-fee-block\"><\/div>\n<div data-block-name=\"woocommerce\/cart-order-summary-shipping-block\" class=\"wp-block-woocommerce-cart-order-summary-shipping-block\"><\/div>\n<div data-block-name=\"woocommerce\/cart-order-summary-taxes-block\" class=\"wp-block-woocommerce-cart-order-summary-taxes-block\"><\/div><\/div>\n<\/div>\n\n\n\n<div data-block-name=\"woocommerce\/cart-express-payment-block\" class=\"wp-block-woocommerce-cart-express-payment-block\"><\/div>\n\n\n\n<div data-block-name=\"woocommerce\/proceed-to-checkout-block\" class=\"wp-block-woocommerce-proceed-to-checkout-block\"><\/div>\n\n\n\n<div data-block-name=\"woocommerce\/cart-accepted-payment-methods-block\" class=\"wp-block-woocommerce-cart-accepted-payment-methods-block\"><\/div>\n<\/div>\n<\/div>\n\n\n\n<div data-block-name=\"woocommerce\/empty-cart-block\" class=\"wp-block-woocommerce-empty-cart-block\">\n<h2 class=\"wp-block-heading has-text-align-center with-empty-cart-icon wc-block-cart__empty-cart__title\">Gi\u1ecf h\u00e0ng hi\u1ec7n t\u1ea1i ch\u01b0a c\u00f3 s\u1ea3n ph\u1ea9m n\u00e0o!<\/h2>\n\n\n\n<hr class=\"wp-block-separator has-alpha-channel-opacity is-style-dots\"\/>\n\n\n\n<h2 class=\"wp-block-heading has-text-align-center\">M\u1edbi trong c\u1eeda h\u00e0ng<\/h2>\n\n\n<div data-block-name=\"woocommerce\/product-new\" data-columns=\"4\" data-rows=\"1\" class=\"wc-block-grid wp-block-product-new wp-block-woocommerce-product-new wc-block-product-new has-4-columns\"><ul class=\"wc-block-grid__products\"><li class=\"wc-block-grid__product\">\n\t\t\t\t<a href=\"https:\/\/knstgroup.com\/sites\/loctancuong\/san-pham\/tra-oolong-quy-long-tep-10gr\/\" class=\"wc-block-grid__product-link\">\n\t\t\t\t\t\n\t\t\t\t\t<div class=\"wc-block-grid__product-image\"><img loading=\"lazy\" decoding=\"async\" width=\"300\" height=\"300\" src=\"https:\/\/knstgroup.com\/sites\/loctancuong\/wp-content\/uploads\/sites\/11\/2024\/11\/tra-sen-tay-ho-thuong-hang-10gr-1-300x300.jpg\" class=\"attachment-woocommerce_thumbnail size-woocommerce_thumbnail\" alt=\"Tr\u00e0 Oolong Qu\u00fd Long T\u00e9p 10gr\" srcset=\"https:\/\/knstgroup.com\/sites\/loctancuong\/wp-content\/uploads\/sites\/11\/2024\/11\/tra-sen-tay-ho-thuong-hang-10gr-1-300x300.jpg 300w, https:\/\/knstgroup.com\/sites\/loctancuong\/wp-content\/uploads\/sites\/11\/2024\/11\/tra-sen-tay-ho-thuong-hang-10gr-1-150x150.jpg 150w, https:\/\/knstgroup.com\/sites\/loctancuong\/wp-content\/uploads\/sites\/11\/2024\/11\/tra-sen-tay-ho-thuong-hang-10gr-1-768x768.jpg 768w, https:\/\/knstgroup.com\/sites\/loctancuong\/wp-content\/uploads\/sites\/11\/2024\/11\/tra-sen-tay-ho-thuong-hang-10gr-1-600x600.jpg 600w, https:\/\/knstgroup.com\/sites\/loctancuong\/wp-content\/uploads\/sites\/11\/2024\/11\/tra-sen-tay-ho-thuong-hang-10gr-1-100x100.jpg 100w, https:\/\/knstgroup.com\/sites\/loctancuong\/wp-content\/uploads\/sites\/11\/2024\/11\/tra-sen-tay-ho-thuong-hang-10gr-1.jpg 800w\" sizes=\"auto, (max-width: 300px) 100vw, 300px\" \/><\/div>\n\t\t\t\t\t<div class=\"wc-block-grid__product-title\">Tr\u00e0 Oolong Qu\u00fd Long T\u00e9p 10gr<\/div>\n\t\t\t\t<\/a>\n\t\t\t\t<div class=\"wc-block-grid__product-price price\"><\/div>\n\t\t\t\t\n\t\t\t\t<div class=\"wp-block-button wc-block-grid__product-add-to-cart\"><a href=\"https:\/\/knstgroup.com\/sites\/loctancuong\/san-pham\/tra-oolong-quy-long-tep-10gr\/\" aria-label=\"\u0110\u1ecdc th\u00eam v\u1ec1 &ldquo;Tr\u00e0 Oolong Qu\u00fd Long T\u00e9p 10gr&rdquo;\" data-quantity=\"1\" data-product_id=\"155\" data-product_sku=\"\" data-price=\"0\" rel=\"nofollow\" class=\"wp-block-button__link  add_to_cart_button\">\u0110\u1ecdc ti\u1ebfp<\/a><\/div>\n\t\t\t<\/li><li class=\"wc-block-grid__product\">\n\t\t\t\t<a href=\"https:\/\/knstgroup.com\/sites\/loctancuong\/san-pham\/tra-sen-tay-ho-thuong-hang-300gr-hop-hong-phuc\/\" class=\"wc-block-grid__product-link\">\n\t\t\t\t\t\n\t\t\t\t\t<div class=\"wc-block-grid__product-image\"><img loading=\"lazy\" decoding=\"async\" width=\"300\" height=\"300\" src=\"https:\/\/knstgroup.com\/sites\/loctancuong\/wp-content\/uploads\/sites\/11\/2024\/11\/tra-sen-tay-ho-thuong-hang-10gr-1-300x300.jpg\" class=\"attachment-woocommerce_thumbnail size-woocommerce_thumbnail\" alt=\"Tr\u00e0 Sen T\u00e2y H\u1ed3 Th\u01b0\u1ee3ng H\u1ea1ng 300gr \u2013 H\u1ed9p H\u1ed3ng Ph\u00fac\" srcset=\"https:\/\/knstgroup.com\/sites\/loctancuong\/wp-content\/uploads\/sites\/11\/2024\/11\/tra-sen-tay-ho-thuong-hang-10gr-1-300x300.jpg 300w, https:\/\/knstgroup.com\/sites\/loctancuong\/wp-content\/uploads\/sites\/11\/2024\/11\/tra-sen-tay-ho-thuong-hang-10gr-1-150x150.jpg 150w, https:\/\/knstgroup.com\/sites\/loctancuong\/wp-content\/uploads\/sites\/11\/2024\/11\/tra-sen-tay-ho-thuong-hang-10gr-1-768x768.jpg 768w, https:\/\/knstgroup.com\/sites\/loctancuong\/wp-content\/uploads\/sites\/11\/2024\/11\/tra-sen-tay-ho-thuong-hang-10gr-1-600x600.jpg 600w, https:\/\/knstgroup.com\/sites\/loctancuong\/wp-content\/uploads\/sites\/11\/2024\/11\/tra-sen-tay-ho-thuong-hang-10gr-1-100x100.jpg 100w, https:\/\/knstgroup.com\/sites\/loctancuong\/wp-content\/uploads\/sites\/11\/2024\/11\/tra-sen-tay-ho-thuong-hang-10gr-1.jpg 800w\" sizes=\"auto, (max-width: 300px) 100vw, 300px\" \/><\/div>\n\t\t\t\t\t<div class=\"wc-block-grid__product-title\">Tr\u00e0 Sen T\u00e2y H\u1ed3 Th\u01b0\u1ee3ng H\u1ea1ng 300gr \u2013 H\u1ed9p H\u1ed3ng Ph\u00fac<\/div>\n\t\t\t\t<\/a>\n\t\t\t\t<div class=\"wc-block-grid__product-price price\"><\/div>\n\t\t\t\t\n\t\t\t\t<div class=\"wp-block-button wc-block-grid__product-add-to-cart\"><a href=\"https:\/\/knstgroup.com\/sites\/loctancuong\/san-pham\/tra-sen-tay-ho-thuong-hang-300gr-hop-hong-phuc\/\" aria-label=\"\u0110\u1ecdc th\u00eam v\u1ec1 &ldquo;Tr\u00e0 Sen T\u00e2y H\u1ed3 Th\u01b0\u1ee3ng H\u1ea1ng 300gr \u2013 H\u1ed9p H\u1ed3ng Ph\u00fac&rdquo;\" data-quantity=\"1\" data-product_id=\"154\" data-product_sku=\"\" data-price=\"0\" rel=\"nofollow\" class=\"wp-block-button__link  add_to_cart_button\">\u0110\u1ecdc ti\u1ebfp<\/a><\/div>\n\t\t\t<\/li><li class=\"wc-block-grid__product\">\n\t\t\t\t<a href=\"https:\/\/knstgroup.com\/sites\/loctancuong\/san-pham\/tra-sen-tay-ho-thuong-hang-hop-25-tep-10gr\/\" class=\"wc-block-grid__product-link\">\n\t\t\t\t\t\n\t\t\t\t\t<div class=\"wc-block-grid__product-image\"><img loading=\"lazy\" decoding=\"async\" width=\"300\" height=\"300\" src=\"https:\/\/knstgroup.com\/sites\/loctancuong\/wp-content\/uploads\/sites\/11\/2024\/11\/tra-sen-tay-ho-thuong-hang-10gr-1-300x300.jpg\" class=\"attachment-woocommerce_thumbnail size-woocommerce_thumbnail\" alt=\"Tr\u00e0 Sen T\u00e2y H\u1ed3 Th\u01b0\u1ee3ng H\u1ea1ng H\u1ed9p 25 t\u00e9p 10gr\" srcset=\"https:\/\/knstgroup.com\/sites\/loctancuong\/wp-content\/uploads\/sites\/11\/2024\/11\/tra-sen-tay-ho-thuong-hang-10gr-1-300x300.jpg 300w, https:\/\/knstgroup.com\/sites\/loctancuong\/wp-content\/uploads\/sites\/11\/2024\/11\/tra-sen-tay-ho-thuong-hang-10gr-1-150x150.jpg 150w, https:\/\/knstgroup.com\/sites\/loctancuong\/wp-content\/uploads\/sites\/11\/2024\/11\/tra-sen-tay-ho-thuong-hang-10gr-1-768x768.jpg 768w, https:\/\/knstgroup.com\/sites\/loctancuong\/wp-content\/uploads\/sites\/11\/2024\/11\/tra-sen-tay-ho-thuong-hang-10gr-1-600x600.jpg 600w, https:\/\/knstgroup.com\/sites\/loctancuong\/wp-content\/uploads\/sites\/11\/2024\/11\/tra-sen-tay-ho-thuong-hang-10gr-1-100x100.jpg 100w, https:\/\/knstgroup.com\/sites\/loctancuong\/wp-content\/uploads\/sites\/11\/2024\/11\/tra-sen-tay-ho-thuong-hang-10gr-1.jpg 800w\" sizes=\"auto, (max-width: 300px) 100vw, 300px\" \/><\/div>\n\t\t\t\t\t<div class=\"wc-block-grid__product-title\">Tr\u00e0 Sen T\u00e2y H\u1ed3 Th\u01b0\u1ee3ng H\u1ea1ng H\u1ed9p 25 t\u00e9p 10gr<\/div>\n\t\t\t\t<\/a>\n\t\t\t\t<div class=\"wc-block-grid__product-price price\"><\/div>\n\t\t\t\t\n\t\t\t\t<div class=\"wp-block-button wc-block-grid__product-add-to-cart\"><a href=\"https:\/\/knstgroup.com\/sites\/loctancuong\/san-pham\/tra-sen-tay-ho-thuong-hang-hop-25-tep-10gr\/\" aria-label=\"\u0110\u1ecdc th\u00eam v\u1ec1 &ldquo;Tr\u00e0 Sen T\u00e2y H\u1ed3 Th\u01b0\u1ee3ng H\u1ea1ng H\u1ed9p 25 t\u00e9p 10gr&rdquo;\" data-quantity=\"1\" data-product_id=\"153\" data-product_sku=\"\" data-price=\"0\" rel=\"nofollow\" class=\"wp-block-button__link  add_to_cart_button\">\u0110\u1ecdc ti\u1ebfp<\/a><\/div>\n\t\t\t<\/li><li class=\"wc-block-grid__product\">\n\t\t\t\t<a href=\"https:\/\/knstgroup.com\/sites\/loctancuong\/san-pham\/tra-sen-tay-ho-thuong-hang-100g-tui-hut-chan-khong-2\/\" class=\"wc-block-grid__product-link\">\n\t\t\t\t\t\n\t\t\t\t\t<div class=\"wc-block-grid__product-image\"><img loading=\"lazy\" decoding=\"async\" width=\"300\" height=\"300\" src=\"https:\/\/knstgroup.com\/sites\/loctancuong\/wp-content\/uploads\/sites\/11\/2024\/11\/tra-sen-tay-ho-thuong-hang-10gr-1-300x300.jpg\" class=\"attachment-woocommerce_thumbnail size-woocommerce_thumbnail\" alt=\"HTG \u2013 Tr\u00e0 Sen T\u00e2y H\u1ed3 Th\u01b0\u1ee3ng H\u1ea1ng 100Gr\" srcset=\"https:\/\/knstgroup.com\/sites\/loctancuong\/wp-content\/uploads\/sites\/11\/2024\/11\/tra-sen-tay-ho-thuong-hang-10gr-1-300x300.jpg 300w, https:\/\/knstgroup.com\/sites\/loctancuong\/wp-content\/uploads\/sites\/11\/2024\/11\/tra-sen-tay-ho-thuong-hang-10gr-1-150x150.jpg 150w, https:\/\/knstgroup.com\/sites\/loctancuong\/wp-content\/uploads\/sites\/11\/2024\/11\/tra-sen-tay-ho-thuong-hang-10gr-1-768x768.jpg 768w, https:\/\/knstgroup.com\/sites\/loctancuong\/wp-content\/uploads\/sites\/11\/2024\/11\/tra-sen-tay-ho-thuong-hang-10gr-1-600x600.jpg 600w, https:\/\/knstgroup.com\/sites\/loctancuong\/wp-content\/uploads\/sites\/11\/2024\/11\/tra-sen-tay-ho-thuong-hang-10gr-1-100x100.jpg 100w, https:\/\/knstgroup.com\/sites\/loctancuong\/wp-content\/uploads\/sites\/11\/2024\/11\/tra-sen-tay-ho-thuong-hang-10gr-1.jpg 800w\" sizes=\"auto, (max-width: 300px) 100vw, 300px\" \/><\/div>\n\t\t\t\t\t<div class=\"wc-block-grid__product-title\">HTG \u2013 Tr\u00e0 Sen T\u00e2y H\u1ed3 Th\u01b0\u1ee3ng H\u1ea1ng 100Gr<\/div>\n\t\t\t\t<\/a>\n\t\t\t\t<div class=\"wc-block-grid__product-price price\"><\/div>\n\t\t\t\t\n\t\t\t\t<div class=\"wp-block-button wc-block-grid__product-add-to-cart\"><a href=\"https:\/\/knstgroup.com\/sites\/loctancuong\/san-pham\/tra-sen-tay-ho-thuong-hang-100g-tui-hut-chan-khong-2\/\" aria-label=\"\u0110\u1ecdc th\u00eam v\u1ec1 &ldquo;HTG \u2013 Tr\u00e0 Sen T\u00e2y H\u1ed3 Th\u01b0\u1ee3ng H\u1ea1ng 100Gr&rdquo;\" data-quantity=\"1\" data-product_id=\"150\" data-product_sku=\"\" data-price=\"0\" rel=\"nofollow\" class=\"wp-block-button__link  add_to_cart_button\">\u0110\u1ecdc ti\u1ebfp<\/a><\/div>\n\t\t\t<\/li><\/ul><\/div><\/div>\n<\/div>\n","protected":false},"excerpt":{"rendered":"","protected":false},"author":1,"featured_media":0,"parent":0,"menu_order":0,"comment_status":"closed","ping_status":"closed","template":"","meta":{"footnotes":""},"class_list":["post-41","page","type-page","status-publish","hentry"],"_links":{"self":[{"href":"https:\/\/knstgroup.com\/sites\/loctancuong\/wp-json\/wp\/v2\/pages\/41","targetHints":{"allow":["GET"]}}],"collection":[{"href":"https:\/\/knstgroup.com\/sites\/loctancuong\/wp-json\/wp\/v2\/pages"}],"about":[{"href":"https:\/\/knstgroup.com\/sites\/loctancuong\/wp-json\/wp\/v2\/types\/page"}],"author":[{"embeddable":true,"href":"https:\/\/knstgroup.com\/sites\/loctancuong\/wp-json\/wp\/v2\/users\/1"}],"replies":[{"embeddable":true,"href":"https:\/\/knstgroup.com\/sites\/loctancuong\/wp-json\/wp\/v2\/comments?post=41"}],"version-history":[{"count":0,"href":"https:\/\/knstgroup.com\/sites\/loctancuong\/wp-json\/wp\/v2\/pages\/41\/revisions"}],"wp:attachment":[{"href":"https:\/\/knstgroup.com\/sites\/loctancuong\/wp-json\/wp\/v2\/media?parent=41"}],"curies":[{"name":"wp","href":"https:\/\/api.w.org\/{rel}","templated":true}]}}