 
{"id":11,"date":"2017-07-07T01:01:51","date_gmt":"2017-07-06T18:01:51","guid":{"rendered":"https:\/\/bizhostvn.com\/w\/clinic\/?page_id=11"},"modified":"2025-05-22T11:23:36","modified_gmt":"2025-05-22T04:23:36","slug":"ca-benh-thanh-cong","status":"publish","type":"page","link":"https:\/\/knstgroup.com\/sites\/demo2\/ca-benh-thanh-cong\/","title":{"rendered":"Ca b\u1ec7nh th\u00e0nh c\u00f4ng"},"content":{"rendered":"<div class=\"row\"  id=\"row-1193638822\">\n\n\t<div id=\"col-1333691587\" class=\"col small-12 large-12\"  >\n\t\t\t\t<div class=\"col-inner\"  >\n\t\t\t\n\t\t\t\n<div class=\"container section-title-container\" style=\"margin-top:90px;\"><h3 class=\"section-title section-title-center\"><b><\/b><span class=\"section-title-main\" >Nh\u1eefng ca b\u1ec7nh th\u00e0nh c\u00f4ng<\/span><b><\/b><\/h3><\/div>\n\t\t<\/div>\n\t\t\t\t\t<\/div>\n\n\t\n\n\t<div id=\"col-1148961270\" class=\"col small-12 large-12\"  >\n\t\t\t\t<div class=\"col-inner\"  >\n\t\t\t\n\t\t\t\n\n  \n    <div class=\"row large-columns-3 medium-columns-1 small-columns-1\" >\n  <div class=\"col post-item\" >\n\t\t\t<div class=\"col-inner\">\n\t\t\t\t<div class=\"box box-normal box-text-bottom box-blog-post has-hover\">\n            \t\t\t\t\t<div class=\"box-image\" >\n  \t\t\t\t\t\t<div class=\"image-cover\" style=\"padding-top:56.25%;\">\n\t\t\t\t\t\t\t<a href=\"https:\/\/knstgroup.com\/sites\/demo2\/gan-mot-nam-chua-co-con-chi-ngan-anh-nam-tai-nam-dan-dau-thai-tu-nhien-chi-sau-1-thang\/\" class=\"plain\" aria-label=\"G\u1ea7n m\u1ed9t n\u0103m ch\u01b0a c\u00f3 con, ch\u1ecb Ng\u00e2n \u2013 anh Nam t\u1ea1i Nam \u0110\u00e0n \u0111\u1eadu thai t\u1ef1 nhi\u00ean ch\u1ec9 sau 1 th\u00e1ng\">\n\t\t\t\t\t\t\t\t<img loading=\"lazy\" decoding=\"async\" width=\"300\" height=\"169\" src=\"https:\/\/knstgroup.com\/sites\/demo2\/wp-content\/uploads\/sites\/13\/2025\/05\/Cau-chuyen-thanh-cong-1-1-300x169.jpg\" class=\"attachment-medium size-medium wp-post-image\" alt=\"\" srcset=\"https:\/\/knstgroup.com\/sites\/demo2\/wp-content\/uploads\/sites\/13\/2025\/05\/Cau-chuyen-thanh-cong-1-1-300x169.jpg 300w, https:\/\/knstgroup.com\/sites\/demo2\/wp-content\/uploads\/sites\/13\/2025\/05\/Cau-chuyen-thanh-cong-1-1-1024x576.jpg 1024w, https:\/\/knstgroup.com\/sites\/demo2\/wp-content\/uploads\/sites\/13\/2025\/05\/Cau-chuyen-thanh-cong-1-1-768x432.jpg 768w, https:\/\/knstgroup.com\/sites\/demo2\/wp-content\/uploads\/sites\/13\/2025\/05\/Cau-chuyen-thanh-cong-1-1-1536x864.jpg 1536w, https:\/\/knstgroup.com\/sites\/demo2\/wp-content\/uploads\/sites\/13\/2025\/05\/Cau-chuyen-thanh-cong-1-1-2048x1152.jpg 2048w\" sizes=\"auto, (max-width: 300px) 100vw, 300px\" \/>\t\t\t\t\t\t\t<\/a>\n  \t\t\t\t\t\t\t  \t\t\t\t\t\t\t  \t\t\t\t\t\t<\/div>\n  \t\t\t\t\t\t  \t\t\t\t\t<\/div>\n          \t\t\t\t\t<div class=\"box-text text-center\" >\n\t\t\t\t\t<div class=\"box-text-inner blog-post-inner\">\n\n\t\t\t\t\t\n\t\t\t\t\t\t\t\t\t\t<h5 class=\"post-title is-large \">\n\t\t\t\t\t\t<a href=\"https:\/\/knstgroup.com\/sites\/demo2\/gan-mot-nam-chua-co-con-chi-ngan-anh-nam-tai-nam-dan-dau-thai-tu-nhien-chi-sau-1-thang\/\" class=\"plain\">G\u1ea7n m\u1ed9t n\u0103m ch\u01b0a c\u00f3 con, ch\u1ecb Ng\u00e2n \u2013 anh Nam t\u1ea1i Nam \u0110\u00e0n \u0111\u1eadu thai t\u1ef1 nhi\u00ean ch\u1ec9 sau 1 th\u00e1ng<\/a>\n\t\t\t\t\t<\/h5>\n\t\t\t\t\t\t\t\t\t\t<div class=\"is-divider\"><\/div>\n\t\t\t\t\t\t\t\t\t\t<p class=\"from_the_blog_excerpt \">\n\t\t\t\t\t\tT.T.Ng\u00e2n (30 tu\u1ed5i) v\u00e0 ch\u1ed3ng l\u00e0 N.V.Nam (31 tu\u1ed5i), s\u1ed1ng t\u1ea1i Nam \u0110\u00e0n \u2013 Ngh\u1ec7...\t\t\t\t\t<\/p>\n\t\t\t\t\t                    \n\t\t\t\t\t\n\t\t\t\t\t\n\t\t\t\t\t<\/div>\n\t\t\t\t\t<\/div>\n\t\t\t\t\t\t\t\t\t<\/div>\n\t\t\t<\/div>\n\t\t<\/div><div class=\"col post-item\" >\n\t\t\t<div class=\"col-inner\">\n\t\t\t\t<div class=\"box box-normal box-text-bottom box-blog-post has-hover\">\n            \t\t\t\t\t<div class=\"box-image\" >\n  \t\t\t\t\t\t<div class=\"image-cover\" style=\"padding-top:56.25%;\">\n\t\t\t\t\t\t\t<a href=\"https:\/\/knstgroup.com\/sites\/demo2\/bo-tu-goc-chia-khoa-giup-gia-dinh-chi-thuan-32t-don-con-yeu-sau-2-thang\/\" class=\"plain\" aria-label=\"B\u1ed5 t\u1eeb g\u1ed1c \u2013 Ch\u00eca kh\u00f3a gi\u00fap gia \u0111\u00ecnh ch\u1ecb Thu\u1eadn (32T) \u0111\u00f3n con y\u00eau sau 2 th\u00e1ng\">\n\t\t\t\t\t\t\t\t<img loading=\"lazy\" decoding=\"async\" width=\"300\" height=\"169\" src=\"https:\/\/knstgroup.com\/sites\/demo2\/wp-content\/uploads\/sites\/13\/2025\/05\/Cau-chuyen-thanh-cong-2-1-300x169.jpg\" class=\"attachment-medium size-medium wp-post-image\" alt=\"\" srcset=\"https:\/\/knstgroup.com\/sites\/demo2\/wp-content\/uploads\/sites\/13\/2025\/05\/Cau-chuyen-thanh-cong-2-1-300x169.jpg 300w, https:\/\/knstgroup.com\/sites\/demo2\/wp-content\/uploads\/sites\/13\/2025\/05\/Cau-chuyen-thanh-cong-2-1-1024x576.jpg 1024w, https:\/\/knstgroup.com\/sites\/demo2\/wp-content\/uploads\/sites\/13\/2025\/05\/Cau-chuyen-thanh-cong-2-1-768x432.jpg 768w, https:\/\/knstgroup.com\/sites\/demo2\/wp-content\/uploads\/sites\/13\/2025\/05\/Cau-chuyen-thanh-cong-2-1-1536x864.jpg 1536w, https:\/\/knstgroup.com\/sites\/demo2\/wp-content\/uploads\/sites\/13\/2025\/05\/Cau-chuyen-thanh-cong-2-1-2048x1152.jpg 2048w\" sizes=\"auto, (max-width: 300px) 100vw, 300px\" \/>\t\t\t\t\t\t\t<\/a>\n  \t\t\t\t\t\t\t  \t\t\t\t\t\t\t  \t\t\t\t\t\t<\/div>\n  \t\t\t\t\t\t  \t\t\t\t\t<\/div>\n          \t\t\t\t\t<div class=\"box-text text-center\" >\n\t\t\t\t\t<div class=\"box-text-inner blog-post-inner\">\n\n\t\t\t\t\t\n\t\t\t\t\t\t\t\t\t\t<h5 class=\"post-title is-large \">\n\t\t\t\t\t\t<a href=\"https:\/\/knstgroup.com\/sites\/demo2\/bo-tu-goc-chia-khoa-giup-gia-dinh-chi-thuan-32t-don-con-yeu-sau-2-thang\/\" class=\"plain\">B\u1ed5 t\u1eeb g\u1ed1c \u2013 Ch\u00eca kh\u00f3a gi\u00fap gia \u0111\u00ecnh ch\u1ecb Thu\u1eadn (32T) \u0111\u00f3n con y\u00eau sau 2 th\u00e1ng<\/a>\n\t\t\t\t\t<\/h5>\n\t\t\t\t\t\t\t\t\t\t<div class=\"is-divider\"><\/div>\n\t\t\t\t\t\t\t\t\t\t<p class=\"from_the_blog_excerpt \">\n\t\t\t\t\t\t\u201cNg\u00e0y b\u00e1c s\u0129 b\u00e1o thai \u0111\u01b0\u1ee3c 2 th\u00e1ng, em ch\u1ec9 bi\u1ebft kh\u00f3c. V\u00ec kh\u00f4ng ngh\u0129...\t\t\t\t\t<\/p>\n\t\t\t\t\t                    \n\t\t\t\t\t\n\t\t\t\t\t\n\t\t\t\t\t<\/div>\n\t\t\t\t\t<\/div>\n\t\t\t\t\t\t\t\t\t<\/div>\n\t\t\t<\/div>\n\t\t<\/div><div class=\"col post-item\" >\n\t\t\t<div class=\"col-inner\">\n\t\t\t\t<div class=\"box box-normal box-text-bottom box-blog-post has-hover\">\n            \t\t\t\t\t<div class=\"box-image\" >\n  \t\t\t\t\t\t<div class=\"image-cover\" style=\"padding-top:56.25%;\">\n\t\t\t\t\t\t\t<a href=\"https:\/\/knstgroup.com\/sites\/demo2\/hanh-trinh-tim-con-lan-2-thanh-cong-sau-1-lieu-trinh-cau-chuyen-cua-chi-ngo-thi-sam-gia-lai\/\" class=\"plain\" aria-label=\"H\u00e0nh tr\u00ecnh t\u00ecm con l\u1ea7n 2 th\u00e0nh c\u00f4ng sau 1 li\u1ec7u tr\u00ecnh: C\u00e2u chuy\u1ec7n c\u1ee7a ch\u1ecb Ng\u00f4 Th\u1ecb S\u00e2m (Gia Lai)\">\n\t\t\t\t\t\t\t\t<img loading=\"lazy\" decoding=\"async\" width=\"300\" height=\"169\" src=\"https:\/\/knstgroup.com\/sites\/demo2\/wp-content\/uploads\/sites\/13\/2025\/05\/Cau-chuyen-thanh-conggg-300x169.jpg\" class=\"attachment-medium size-medium wp-post-image\" alt=\"\" srcset=\"https:\/\/knstgroup.com\/sites\/demo2\/wp-content\/uploads\/sites\/13\/2025\/05\/Cau-chuyen-thanh-conggg-300x169.jpg 300w, https:\/\/knstgroup.com\/sites\/demo2\/wp-content\/uploads\/sites\/13\/2025\/05\/Cau-chuyen-thanh-conggg-1024x576.jpg 1024w, https:\/\/knstgroup.com\/sites\/demo2\/wp-content\/uploads\/sites\/13\/2025\/05\/Cau-chuyen-thanh-conggg-768x432.jpg 768w, https:\/\/knstgroup.com\/sites\/demo2\/wp-content\/uploads\/sites\/13\/2025\/05\/Cau-chuyen-thanh-conggg-1536x864.jpg 1536w, https:\/\/knstgroup.com\/sites\/demo2\/wp-content\/uploads\/sites\/13\/2025\/05\/Cau-chuyen-thanh-conggg-2048x1152.jpg 2048w\" sizes=\"auto, (max-width: 300px) 100vw, 300px\" \/>\t\t\t\t\t\t\t<\/a>\n  \t\t\t\t\t\t\t  \t\t\t\t\t\t\t  \t\t\t\t\t\t<\/div>\n  \t\t\t\t\t\t  \t\t\t\t\t<\/div>\n          \t\t\t\t\t<div class=\"box-text text-center\" >\n\t\t\t\t\t<div class=\"box-text-inner blog-post-inner\">\n\n\t\t\t\t\t\n\t\t\t\t\t\t\t\t\t\t<h5 class=\"post-title is-large \">\n\t\t\t\t\t\t<a href=\"https:\/\/knstgroup.com\/sites\/demo2\/hanh-trinh-tim-con-lan-2-thanh-cong-sau-1-lieu-trinh-cau-chuyen-cua-chi-ngo-thi-sam-gia-lai\/\" class=\"plain\">H\u00e0nh tr\u00ecnh t\u00ecm con l\u1ea7n 2 th\u00e0nh c\u00f4ng sau 1 li\u1ec7u tr\u00ecnh: C\u00e2u chuy\u1ec7n c\u1ee7a ch\u1ecb Ng\u00f4 Th\u1ecb S\u00e2m (Gia Lai)<\/a>\n\t\t\t\t\t<\/h5>\n\t\t\t\t\t\t\t\t\t\t<div class=\"is-divider\"><\/div>\n\t\t\t\t\t\t\t\t\t\t<p class=\"from_the_blog_excerpt \">\n\t\t\t\t\t\tMong con l\u1ea7n hai \u2013 h\u00e0nh tr\u00ecnh kh\u00f4ng d\u1ec5 d\u00e0ng \u0110\u00e3 c\u00f3 m\u1ed9t b\u00e9 g\u00e1i,...\t\t\t\t\t<\/p>\n\t\t\t\t\t                    \n\t\t\t\t\t\n\t\t\t\t\t\n\t\t\t\t\t<\/div>\n\t\t\t\t\t<\/div>\n\t\t\t\t\t\t\t\t\t<\/div>\n\t\t\t<\/div>\n\t\t<\/div><div class=\"col post-item\" >\n\t\t\t<div class=\"col-inner\">\n\t\t\t\t<div class=\"box box-normal box-text-bottom box-blog-post has-hover\">\n            \t\t\t\t\t<div class=\"box-image\" >\n  \t\t\t\t\t\t<div class=\"image-cover\" style=\"padding-top:56.25%;\">\n\t\t\t\t\t\t\t<a href=\"https:\/\/knstgroup.com\/sites\/demo2\/cach-lam-trang-da-toan-than-tai-nha-sieu-hieu-qua\/\" class=\"plain\" aria-label=\"Ch\u1ed3ng tinh tr\u00f9ng y\u1ebfu, v\u1eabn \u0111\u1eadu thai t\u1ef1 nhi\u00ean \u2013 H\u00e0nh tr\u00ecnh t\u00ecm th\u00eam con c\u1ee7a anh ch\u1ecb H\u1eb1ng \u2013 Thanh t\u1ea1i Ngh\u1ec7 An\">\n\t\t\t\t\t\t\t\t<img loading=\"lazy\" decoding=\"async\" width=\"300\" height=\"169\" src=\"https:\/\/knstgroup.com\/sites\/demo2\/wp-content\/uploads\/sites\/13\/2017\/07\/Cau-chuyen-thanh-congg-300x169.jpg\" class=\"attachment-medium size-medium wp-post-image\" alt=\"\" srcset=\"https:\/\/knstgroup.com\/sites\/demo2\/wp-content\/uploads\/sites\/13\/2017\/07\/Cau-chuyen-thanh-congg-300x169.jpg 300w, https:\/\/knstgroup.com\/sites\/demo2\/wp-content\/uploads\/sites\/13\/2017\/07\/Cau-chuyen-thanh-congg-1024x576.jpg 1024w, https:\/\/knstgroup.com\/sites\/demo2\/wp-content\/uploads\/sites\/13\/2017\/07\/Cau-chuyen-thanh-congg-768x432.jpg 768w, https:\/\/knstgroup.com\/sites\/demo2\/wp-content\/uploads\/sites\/13\/2017\/07\/Cau-chuyen-thanh-congg-1536x864.jpg 1536w, https:\/\/knstgroup.com\/sites\/demo2\/wp-content\/uploads\/sites\/13\/2017\/07\/Cau-chuyen-thanh-congg-2048x1152.jpg 2048w\" sizes=\"auto, (max-width: 300px) 100vw, 300px\" \/>\t\t\t\t\t\t\t<\/a>\n  \t\t\t\t\t\t\t  \t\t\t\t\t\t\t  \t\t\t\t\t\t<\/div>\n  \t\t\t\t\t\t  \t\t\t\t\t<\/div>\n          \t\t\t\t\t<div class=\"box-text text-center\" >\n\t\t\t\t\t<div class=\"box-text-inner blog-post-inner\">\n\n\t\t\t\t\t\n\t\t\t\t\t\t\t\t\t\t<h5 class=\"post-title is-large \">\n\t\t\t\t\t\t<a href=\"https:\/\/knstgroup.com\/sites\/demo2\/cach-lam-trang-da-toan-than-tai-nha-sieu-hieu-qua\/\" class=\"plain\">Ch\u1ed3ng tinh tr\u00f9ng y\u1ebfu, v\u1eabn \u0111\u1eadu thai t\u1ef1 nhi\u00ean \u2013 H\u00e0nh tr\u00ecnh t\u00ecm th\u00eam con c\u1ee7a anh ch\u1ecb H\u1eb1ng \u2013 Thanh t\u1ea1i Ngh\u1ec7 An<\/a>\n\t\t\t\t\t<\/h5>\n\t\t\t\t\t\t\t\t\t\t<div class=\"is-divider\"><\/div>\n\t\t\t\t\t\t\t\t\t\t<p class=\"from_the_blog_excerpt \">\n\t\t\t\t\t\tH.T.H\u1eb1ng (25 tu\u1ed5i) v\u00e0 ch\u1ed3ng l\u00e0 H.S.Thanh (27 tu\u1ed5i), hi\u1ec7n \u0111ang sinh s\u1ed1ng t\u1ea1i Qu\u1ef3nh...\t\t\t\t\t<\/p>\n\t\t\t\t\t                    \n\t\t\t\t\t\n\t\t\t\t\t\n\t\t\t\t\t<\/div>\n\t\t\t\t\t<\/div>\n\t\t\t\t\t\t\t\t\t<\/div>\n\t\t\t<\/div>\n\t\t<\/div><div class=\"col post-item\" >\n\t\t\t<div class=\"col-inner\">\n\t\t\t\t<div class=\"box box-normal box-text-bottom box-blog-post has-hover\">\n            \t\t\t\t\t<div class=\"box-image\" >\n  \t\t\t\t\t\t<div class=\"image-cover\" style=\"padding-top:56.25%;\">\n\t\t\t\t\t\t\t<a href=\"https:\/\/knstgroup.com\/sites\/demo2\/tri%cc%a3-se%cc%a3o-tham-bang-nguyen-lie%cc%a3u-tu%cc%a3-nhien-hie%cc%a3u-qua%cc%89-nhat\/\" class=\"plain\" aria-label=\"V\u01b0\u1ee3t qua hai l\u1ea7n m\u1ea5t con, ch\u1ecb Lan \u2013 anh S\u01a1n t\u1ea1i Qu\u1ea3ng B\u00ecnh \u0111\u00e3 \u0111\u00f3n tin vui sau 2 th\u00e1ng\">\n\t\t\t\t\t\t\t\t<img loading=\"lazy\" decoding=\"async\" width=\"300\" height=\"169\" src=\"https:\/\/knstgroup.com\/sites\/demo2\/wp-content\/uploads\/sites\/13\/2017\/07\/Cau-chuyen-thanh-conggg-300x169.jpg\" class=\"attachment-medium size-medium wp-post-image\" alt=\"\" srcset=\"https:\/\/knstgroup.com\/sites\/demo2\/wp-content\/uploads\/sites\/13\/2017\/07\/Cau-chuyen-thanh-conggg-300x169.jpg 300w, https:\/\/knstgroup.com\/sites\/demo2\/wp-content\/uploads\/sites\/13\/2017\/07\/Cau-chuyen-thanh-conggg-1024x576.jpg 1024w, https:\/\/knstgroup.com\/sites\/demo2\/wp-content\/uploads\/sites\/13\/2017\/07\/Cau-chuyen-thanh-conggg-768x432.jpg 768w, https:\/\/knstgroup.com\/sites\/demo2\/wp-content\/uploads\/sites\/13\/2017\/07\/Cau-chuyen-thanh-conggg-1536x864.jpg 1536w, https:\/\/knstgroup.com\/sites\/demo2\/wp-content\/uploads\/sites\/13\/2017\/07\/Cau-chuyen-thanh-conggg-2048x1152.jpg 2048w\" sizes=\"auto, (max-width: 300px) 100vw, 300px\" \/>\t\t\t\t\t\t\t<\/a>\n  \t\t\t\t\t\t\t  \t\t\t\t\t\t\t  \t\t\t\t\t\t<\/div>\n  \t\t\t\t\t\t  \t\t\t\t\t<\/div>\n          \t\t\t\t\t<div class=\"box-text text-center\" >\n\t\t\t\t\t<div class=\"box-text-inner blog-post-inner\">\n\n\t\t\t\t\t\n\t\t\t\t\t\t\t\t\t\t<h5 class=\"post-title is-large \">\n\t\t\t\t\t\t<a href=\"https:\/\/knstgroup.com\/sites\/demo2\/tri%cc%a3-se%cc%a3o-tham-bang-nguyen-lie%cc%a3u-tu%cc%a3-nhien-hie%cc%a3u-qua%cc%89-nhat\/\" class=\"plain\">V\u01b0\u1ee3t qua hai l\u1ea7n m\u1ea5t con, ch\u1ecb Lan \u2013 anh S\u01a1n t\u1ea1i Qu\u1ea3ng B\u00ecnh \u0111\u00e3 \u0111\u00f3n tin vui sau 2 th\u00e1ng<\/a>\n\t\t\t\t\t<\/h5>\n\t\t\t\t\t\t\t\t\t\t<div class=\"is-divider\"><\/div>\n\t\t\t\t\t\t\t\t\t\t<p class=\"from_the_blog_excerpt \">\n\t\t\t\t\t\tCh\u1ecb P.T.T.Lan (32 tu\u1ed5i) v\u00e0 L.T.S\u01a1n (35 tu\u1ed5i) qu\u00ea t\u1ea1i Qu\u1ea3ng B\u00ecnh, \u0111\u00e3 t\u1eebng s\u1ed1ng...\t\t\t\t\t<\/p>\n\t\t\t\t\t                    \n\t\t\t\t\t\n\t\t\t\t\t\n\t\t\t\t\t<\/div>\n\t\t\t\t\t<\/div>\n\t\t\t\t\t\t\t\t\t<\/div>\n\t\t\t<\/div>\n\t\t<\/div><div class=\"col post-item\" >\n\t\t\t<div class=\"col-inner\">\n\t\t\t\t<div class=\"box box-normal box-text-bottom box-blog-post has-hover\">\n            \t\t\t\t\t<div class=\"box-image\" >\n  \t\t\t\t\t\t<div class=\"image-cover\" style=\"padding-top:56.25%;\">\n\t\t\t\t\t\t\t<a href=\"https:\/\/knstgroup.com\/sites\/demo2\/nhung-doi-moi-dep-goi-cam-nhat-li%cc%a3ch-su%cc%89-lang-giai-tri-the-gioi\/\" class=\"plain\" aria-label=\"C\u00f3 thai t\u1ef1 nhi\u00ean sau IVF th\u1ea5t b\u1ea1i \u2013 H\u00e0nh tr\u00ecnh t\u00ecm con l\u1ea7n ba c\u1ee7a anh ch\u1ecb H\u00e0 \u2013 B\u00ecnh t\u1ea1i Nghi L\u1ed9c\">\n\t\t\t\t\t\t\t\t<img loading=\"lazy\" decoding=\"async\" width=\"300\" height=\"169\" src=\"https:\/\/knstgroup.com\/sites\/demo2\/wp-content\/uploads\/sites\/13\/2017\/07\/Cau-chuyen-thanh-cong-1-300x169.jpg\" class=\"attachment-medium size-medium wp-post-image\" alt=\"\" srcset=\"https:\/\/knstgroup.com\/sites\/demo2\/wp-content\/uploads\/sites\/13\/2017\/07\/Cau-chuyen-thanh-cong-1-300x169.jpg 300w, https:\/\/knstgroup.com\/sites\/demo2\/wp-content\/uploads\/sites\/13\/2017\/07\/Cau-chuyen-thanh-cong-1-1024x576.jpg 1024w, https:\/\/knstgroup.com\/sites\/demo2\/wp-content\/uploads\/sites\/13\/2017\/07\/Cau-chuyen-thanh-cong-1-768x432.jpg 768w, https:\/\/knstgroup.com\/sites\/demo2\/wp-content\/uploads\/sites\/13\/2017\/07\/Cau-chuyen-thanh-cong-1-1536x864.jpg 1536w, https:\/\/knstgroup.com\/sites\/demo2\/wp-content\/uploads\/sites\/13\/2017\/07\/Cau-chuyen-thanh-cong-1-2048x1152.jpg 2048w\" sizes=\"auto, (max-width: 300px) 100vw, 300px\" \/>\t\t\t\t\t\t\t<\/a>\n  \t\t\t\t\t\t\t  \t\t\t\t\t\t\t  \t\t\t\t\t\t<\/div>\n  \t\t\t\t\t\t  \t\t\t\t\t<\/div>\n          \t\t\t\t\t<div class=\"box-text text-center\" >\n\t\t\t\t\t<div class=\"box-text-inner blog-post-inner\">\n\n\t\t\t\t\t\n\t\t\t\t\t\t\t\t\t\t<h5 class=\"post-title is-large \">\n\t\t\t\t\t\t<a href=\"https:\/\/knstgroup.com\/sites\/demo2\/nhung-doi-moi-dep-goi-cam-nhat-li%cc%a3ch-su%cc%89-lang-giai-tri-the-gioi\/\" class=\"plain\">C\u00f3 thai t\u1ef1 nhi\u00ean sau IVF th\u1ea5t b\u1ea1i \u2013 H\u00e0nh tr\u00ecnh t\u00ecm con l\u1ea7n ba c\u1ee7a anh ch\u1ecb H\u00e0 \u2013 B\u00ecnh t\u1ea1i Nghi L\u1ed9c<\/a>\n\t\t\t\t\t<\/h5>\n\t\t\t\t\t\t\t\t\t\t<div class=\"is-divider\"><\/div>\n\t\t\t\t\t\t\t\t\t\t<p class=\"from_the_blog_excerpt \">\n\t\t\t\t\t\t\t\t\t\t\t<\/p>\n\t\t\t\t\t                    \n\t\t\t\t\t\n\t\t\t\t\t\n\t\t\t\t\t<\/div>\n\t\t\t\t\t<\/div>\n\t\t\t\t\t\t\t\t\t<\/div>\n\t\t\t<\/div>\n\t\t<\/div><\/div>\n\t\t<\/div>\n\t\t\t\t\t<\/div>\n\n\t\n<\/div>\n","protected":false},"excerpt":{"rendered":"","protected":false},"author":1,"featured_media":0,"parent":0,"menu_order":0,"comment_status":"closed","ping_status":"closed","template":"page-blank.php","meta":{"footnotes":""},"class_list":["post-11","page","type-page","status-publish","hentry"],"_links":{"self":[{"href":"https:\/\/knstgroup.com\/sites\/demo2\/wp-json\/wp\/v2\/pages\/11","targetHints":{"allow":["GET"]}}],"collection":[{"href":"https:\/\/knstgroup.com\/sites\/demo2\/wp-json\/wp\/v2\/pages"}],"about":[{"href":"https:\/\/knstgroup.com\/sites\/demo2\/wp-json\/wp\/v2\/types\/page"}],"author":[{"embeddable":true,"href":"https:\/\/knstgroup.com\/sites\/demo2\/wp-json\/wp\/v2\/users\/1"}],"replies":[{"embeddable":true,"href":"https:\/\/knstgroup.com\/sites\/demo2\/wp-json\/wp\/v2\/comments?post=11"}],"version-history":[{"count":32,"href":"https:\/\/knstgroup.com\/sites\/demo2\/wp-json\/wp\/v2\/pages\/11\/revisions"}],"predecessor-version":[{"id":1201,"href":"https:\/\/knstgroup.com\/sites\/demo2\/wp-json\/wp\/v2\/pages\/11\/revisions\/1201"}],"wp:attachment":[{"href":"https:\/\/knstgroup.com\/sites\/demo2\/wp-json\/wp\/v2\/media?parent=11"}],"curies":[{"name":"wp","href":"https:\/\/api.w.org\/{rel}","templated":true}]}}