 
{"id":65,"date":"2024-12-19T07:44:29","date_gmt":"2024-12-19T07:44:29","guid":{"rendered":"https:\/\/knstgroup.com\/sites\/anneco\/?page_id=65"},"modified":"2024-12-19T16:54:48","modified_gmt":"2024-12-19T16:54:48","slug":"ve-chung-toi","status":"publish","type":"page","link":"https:\/\/knstgroup.com\/sites\/anneco\/ve-chung-toi\/","title":{"rendered":"V\u1ec1 Ch\u00fang T\u00f4i"},"content":{"rendered":"\n  <div class=\"banner has-hover has-parallax\" id=\"banner-1240076319\">\n          <div class=\"banner-inner fill\">\n        <div class=\"banner-bg fill\" data-parallax=\"-10\" data-parallax-container=\".banner\" data-parallax-background>\n            <img loading=\"lazy\" decoding=\"async\" width=\"2560\" height=\"1964\" src=\"https:\/\/knstgroup.com\/sites\/anneco\/wp-content\/uploads\/sites\/14\/2024\/12\/00e14e_b79acf2d306a467e95004069cfac1fedmv2-scaled.jpg\" class=\"bg attachment-original size-original\" alt=\"\" \/>                                    \n                    <\/div>\n\t\t\n\t<div class=\"ux-shape-divider ux-shape-divider--bottom ux-shape-divider--style-waves\">\n\t\t<svg viewBox=\"0 0 1200 120\" xmlns=\"http:\/\/www.w3.org\/2000\/svg\" preserveAspectRatio=\"none\">\n  <path class=\"ux-shape-fill\" d=\"M321.39 63.56c58 10.79 114.16 30.13 172 41.86 82.39 16.72 168.19 17.73 250.45.39C823.78 89 906.67 48 985.66 27.17c70.05-18.48 146.53-26.09 214.34-3V120H0V92.65a600.21 600.21 0 01321.39-29.09z\"\/>\n<\/svg>\n\t<\/div>\n        <div class=\"banner-layers container\">\n            <div class=\"fill banner-link\"><\/div>            \n        <\/div>\n      <\/div>\n\n            \n<style>\n#banner-1240076319 {\n  padding-top: 600px;\n}\n#banner-1240076319 .banner-bg img {\n  object-position: bottom;\n}\n#banner-1240076319 .ux-shape-divider--bottom svg {\n  height: 150px;\n  --divider-width: 100%;\n}\n<\/style>\n  <\/div>\n\n\n\n\t<section class=\"section\" id=\"section_245204458\">\n\t\t<div class=\"section-bg fill\" >\n\t\t\t\t\t\t\t\t\t\n\t\t\t\n\n\t\t<\/div>\n\n\t\t\n\n\t\t<div class=\"section-content relative\">\n\t\t\t\n<div class=\"row\"  id=\"row-1704877329\">\n\n\t<div id=\"col-1784979265\" class=\"col medium-2 small-12 large-2\"  >\n\t\t\t\t<div class=\"col-inner\"  >\n\t\t\t\n\t\t\t\n\t\t<\/div>\n\t\t\t\t\t<\/div>\n\n\t\n\n\t<div id=\"col-715311665\" class=\"col medium-8 small-12 large-8\"  >\n\t\t\t\t<div class=\"col-inner\"  >\n\t\t\t\n\t\t\t\n\t<div id=\"text-1895095262\" class=\"text\">\n\t\t\n<h2 style=\"text-align: center;\"><span style=\"color: #2068a0;\"><strong>KH\u1eb2NG \u0110\u1ecaNH V\u1eca TH\u1ebe S\u1ea2N PH\u1ea8M<\/strong><\/span><br \/><span style=\"color: #2068a0;\"><strong>\u201cMAKE IN VIETNAM\u201d<\/strong><\/span><\/h2>\n<p style=\"text-align: center;\">S\u1ea3n ph\u1ea9m \u201cMake in Vietnam\u201d l\u00e0 m\u1ed9t trong nh\u1eefng \u0111i\u1ec1u t\u1ef1 h\u00e0o nh\u1ea5t c\u1ee7a c\u00e1c doanh nghi\u1ec7p Vi\u1ec7t khi v\u01b0\u01a1n ra th\u1ecb tr\u01b0\u1eddng Qu\u1ed1c t\u1ebf. Tuy nhi\u00ean, nh\u1eefng r\u00e0o c\u1ea3n v\u1ec1 ng\u00f4n ng\u1eef, v\u0103n h\u00f3a, ki\u1ebfn th\u1ee9c b\u00e1n h\u00e0ng v\u00e0 chi\u1ebfn l\u01b0\u1ee3c kinh doanh tr\u00ean th\u1ecb tr\u01b0\u1eddng Qu\u1ed1c t\u1ebf v\u1eabn lu\u00f4n l\u00e0 n\u1ed7i tr\u0103n tr\u1edf c\u1ee7a m\u1ecdi doanh nghi\u1ec7p Vi\u1ec7t.<\/p>\n<p style=\"text-align: center;\">Th\u1ea5u hi\u1ec3u \u0111\u01b0\u1ee3c \u0111i\u1ec1u \u0111\u00f3, \u0111\u1ed3ng th\u1eddi c\u0169ng nh\u1eadn ra l\u1ee3i th\u1ebf c\u1ea1nh tranh v\u01b0\u1ee3t tr\u1ed9i c\u1ea3 v\u1ec1 s\u1ed1 l\u01b0\u1ee3ng v\u00e0 ch\u1ea5t l\u01b0\u1ee3ng c\u1ee7a c\u00e1c th\u01b0\u01a1ng hi\u1ec7u Vi\u1ec7t, Anneco Group \u2013 \u0111\u1ed1i t\u00e1c chi\u1ebfn l\u01b0\u1ee3c c\u1ee7a Amazon Global Selling Vi\u1ec7t Nam, lu\u00f4n trung th\u00e0nh v\u1edbi s\u1ee9 m\u1ec7nh mang s\u1ea3n ph\u1ea9m Vi\u1ec7t \u0111\u1ebfn g\u1ea7n h\u01a1n v\u1edbi kh\u00e1ch h\u00e0ng to\u00e0n c\u1ea7u.<\/p>\n<p style=\"text-align: center;\">V\u1edbi \u0111\u1ed9i ng\u0169 chuy\u00ean gia d\u00e0y d\u1eb7n kinh nghi\u1ec7m c\u00f9ng v\u1edbi s\u1ef1 am hi\u1ec3u v\u1ec1 th\u1ecb tr\u01b0\u1eddng Th\u01b0\u01a1ng m\u1ea1i \u0110i\u1ec7n t\u1eed Qu\u1ed1c t\u1ebf, Anneco Group t\u1ef1 tin mang \u0111\u1ebfn nh\u1eefng gi\u1ea3i ph\u00e1p to\u00e0n di\u1ec7n gi\u00fap doanh nghi\u1ec7p v\u00e0 nh\u00e0 b\u00e1n h\u00e0ng Vi\u1ec7t b\u1ee9t ph\u00e1 kinh doanh trong k\u1ef7 nguy\u00ean kh\u00f4ng-bi\u00ean-gi\u1edbi.<\/p>\n\t\t\n<style>\n#text-1895095262 {\n  font-size: 1.3rem;\n  line-height: 2;\n}\n<\/style>\n\t<\/div>\n\t\n\t\t<\/div>\n\t\t\t\t\t<\/div>\n\n\t\n\n\t<div id=\"col-559680401\" class=\"col medium-2 small-12 large-2\"  >\n\t\t\t\t<div class=\"col-inner\"  >\n\t\t\t\n\t\t\t\n\t\t<\/div>\n\t\t\t\t\t<\/div>\n\n\t\n<\/div>\n\t\t<\/div>\n\n\t\t\n<style>\n#section_245204458 {\n  padding-top: 30px;\n  padding-bottom: 30px;\n}\n<\/style>\n\t<\/section>\n\t\n\n  <div class=\"banner has-hover\" id=\"banner-1949941420\">\n          <div class=\"banner-inner fill\">\n        <div class=\"banner-bg fill\" >\n            <img loading=\"lazy\" decoding=\"async\" width=\"1895\" height=\"862\" src=\"https:\/\/knstgroup.com\/sites\/anneco\/wp-content\/uploads\/sites\/14\/2024\/12\/bg3.png\" class=\"bg attachment-original size-original\" alt=\"\" \/>                                    \n                    <\/div>\n\t\t\n        <div class=\"banner-layers container\">\n            <div class=\"fill banner-link\"><\/div>            \n\t<div class=\"img has-hover x50 md-x50 lg-x50 y0 md-y0 lg-y0\" id=\"image_1229440928\">\n\t\t\t\t\t\t\t\t<div class=\"img-inner image-zoom dark\" >\n\t\t\t<img loading=\"lazy\" decoding=\"async\" width=\"1062\" height=\"898\" src=\"https:\/\/knstgroup.com\/sites\/anneco\/wp-content\/uploads\/sites\/14\/2024\/12\/sm1-1.png\" class=\"attachment-original size-original\" alt=\"\" srcset=\"https:\/\/knstgroup.com\/sites\/anneco\/wp-content\/uploads\/sites\/14\/2024\/12\/sm1-1.png 1062w, https:\/\/knstgroup.com\/sites\/anneco\/wp-content\/uploads\/sites\/14\/2024\/12\/sm1-1-300x254.png 300w, https:\/\/knstgroup.com\/sites\/anneco\/wp-content\/uploads\/sites\/14\/2024\/12\/sm1-1-1024x866.png 1024w, https:\/\/knstgroup.com\/sites\/anneco\/wp-content\/uploads\/sites\/14\/2024\/12\/sm1-1-768x649.png 768w\" sizes=\"auto, (max-width: 1062px) 100vw, 1062px\" \/>\t\t\t\t\t\t\n\t\t\t\t\t<\/div>\n\t\t\t\t\t\t\t\t\n<style>\n#image_1229440928 {\n  width: 52%;\n}\n<\/style>\n\t<\/div>\n\t\n        <\/div>\n      <\/div>\n\n            \n<style>\n#banner-1949941420 {\n  padding-top: 700px;\n}\n<\/style>\n  <\/div>\n\n\n<div class=\"row\"  id=\"row-808632036\">\n\n\t<div id=\"col-156059094\" class=\"col small-12 large-12\"  >\n\t\t\t\t<div class=\"col-inner\"  >\n\t\t\t\n\t\t\t\n\t<div id=\"text-4042779135\" class=\"text\">\n\t\t\n<h2><strong>\u0110\u1ed8I NG\u0168 ANNECO<\/strong><\/h2>\n\t\t\n<style>\n#text-4042779135 {\n  text-align: center;\n}\n<\/style>\n\t<\/div>\n\t\n<div class=\"row row-large\"  id=\"row-172149551\">\n\n\t<div id=\"col-1669556621\" class=\"col medium-3 small-6 large-3\"  >\n\t\t\t\t<div class=\"col-inner\"  >\n\t\t\t\n\t\t\t\n\t\t<\/div>\n\t\t\t\t\t<\/div>\n\n\t\n\n\t<div id=\"col-1284012762\" class=\"col medium-3 small-6 large-3\"  >\n\t\t\t\t<div class=\"col-inner\"  >\n\t\t\t\n\t\t\t\n\t<div class=\"box has-hover   has-hover box-text-bottom\" >\n\n\t\t<div class=\"box-image\" style=\"border-radius:50%;\">\n\t\t\t\t\t\t<div class=\"image-cover\" style=\"padding-top:100%;\">\n\t\t\t\t<img loading=\"lazy\" decoding=\"async\" width=\"2560\" height=\"2483\" src=\"https:\/\/knstgroup.com\/sites\/anneco\/wp-content\/uploads\/sites\/14\/2024\/12\/n1-scaled.jpg\" class=\"attachment- size-\" alt=\"\" srcset=\"https:\/\/knstgroup.com\/sites\/anneco\/wp-content\/uploads\/sites\/14\/2024\/12\/n1-scaled.jpg 2560w, https:\/\/knstgroup.com\/sites\/anneco\/wp-content\/uploads\/sites\/14\/2024\/12\/n1-300x291.jpg 300w, https:\/\/knstgroup.com\/sites\/anneco\/wp-content\/uploads\/sites\/14\/2024\/12\/n1-1024x993.jpg 1024w, https:\/\/knstgroup.com\/sites\/anneco\/wp-content\/uploads\/sites\/14\/2024\/12\/n1-768x745.jpg 768w, https:\/\/knstgroup.com\/sites\/anneco\/wp-content\/uploads\/sites\/14\/2024\/12\/n1-1536x1490.jpg 1536w, https:\/\/knstgroup.com\/sites\/anneco\/wp-content\/uploads\/sites\/14\/2024\/12\/n1-2048x1986.jpg 2048w\" sizes=\"auto, (max-width: 2560px) 100vw, 2560px\" \/>\t\t\t\t\t\t\t\t\t\t\t<\/div>\n\t\t\t\t\t<\/div>\n\n\t\t<div class=\"box-text text-center\" >\n\t\t\t<div class=\"box-text-inner\">\n\t\t\t\t\n<h4><strong>TUNG PHAM<\/strong><\/h4>\n<p>Co-Founder &amp; CEO<\/p>\n\t\t\t<\/div>\n\t\t<\/div>\n\t<\/div>\n\t\n\t\t<\/div>\n\t\t\t\t\n<style>\n#col-1284012762 > .col-inner {\n  padding: 15px 15px 15px 15px;\n}\n<\/style>\n\t<\/div>\n\n\t\n\n\t<div id=\"col-1510622833\" class=\"col medium-3 small-6 large-3\"  >\n\t\t\t\t<div class=\"col-inner\"  >\n\t\t\t\n\t\t\t\n\t<div class=\"box has-hover   has-hover box-text-bottom\" >\n\n\t\t<div class=\"box-image\" style=\"border-radius:50%;\">\n\t\t\t\t\t\t<div class=\"image-cover\" style=\"padding-top:100%;\">\n\t\t\t\t<img loading=\"lazy\" decoding=\"async\" width=\"843\" height=\"833\" src=\"https:\/\/knstgroup.com\/sites\/anneco\/wp-content\/uploads\/sites\/14\/2024\/12\/00e14e_686e1929846c4863852deaa42e5c6a39mv2.jpg\" class=\"attachment- size-\" alt=\"\" srcset=\"https:\/\/knstgroup.com\/sites\/anneco\/wp-content\/uploads\/sites\/14\/2024\/12\/00e14e_686e1929846c4863852deaa42e5c6a39mv2.jpg 843w, https:\/\/knstgroup.com\/sites\/anneco\/wp-content\/uploads\/sites\/14\/2024\/12\/00e14e_686e1929846c4863852deaa42e5c6a39mv2-300x296.jpg 300w, https:\/\/knstgroup.com\/sites\/anneco\/wp-content\/uploads\/sites\/14\/2024\/12\/00e14e_686e1929846c4863852deaa42e5c6a39mv2-768x759.jpg 768w\" sizes=\"auto, (max-width: 843px) 100vw, 843px\" \/>\t\t\t\t\t\t\t\t\t\t\t<\/div>\n\t\t\t\t\t<\/div>\n\n\t\t<div class=\"box-text text-center\" >\n\t\t\t<div class=\"box-text-inner\">\n\t\t\t\t\n<h4><strong>TUAN VU<\/strong><\/h4>\n<p>Co-Founder<\/p>\n\t\t\t<\/div>\n\t\t<\/div>\n\t<\/div>\n\t\n\t\t<\/div>\n\t\t\t\t\n<style>\n#col-1510622833 > .col-inner {\n  padding: 15px 15px 15px 15px;\n}\n<\/style>\n\t<\/div>\n\n\t\n\n\t<div id=\"col-1104031700\" class=\"col medium-3 small-6 large-3\"  >\n\t\t\t\t<div class=\"col-inner\"  >\n\t\t\t\n\t\t\t\n\t\t<\/div>\n\t\t\t\t\t<\/div>\n\n\t\n<\/div>\n\t\t<\/div>\n\t\t\t\t\t<\/div>\n\n\t\n\n\t<div id=\"col-1460135585\" class=\"col small-12 large-12\"  >\n\t\t\t\t<div class=\"col-inner\"  >\n\t\t\t\n\t\t\t\n\t<div id=\"text-4058385201\" class=\"text\">\n\t\t\n<h3 class=\"uppercase\"><strong>CH\u1ea4T L\u01af\u1ee2NG KH\u1eb2NG \u0110\u1ecaNH B\u1eb0NG S\u1ef0 T\u00cdN NHI\u1ec6M T\u1eea \u0110\u1ed0I T\u00c1C<\/strong><\/h3>\n\t\t\n<style>\n#text-4058385201 {\n  text-align: center;\n}\n<\/style>\n\t<\/div>\n\t\n<div class=\"slider-wrapper relative\" id=\"slider-995874282\" style=\"background-color:rgba(0, 0, 0, 0);\">\n    <div class=\"slider slider-nav-circle slider-nav-large slider-nav-light slider-nav-outside slider-style-normal slider-show-nav\"\n        data-flickity-options='{\n            \"cellAlign\": \"center\",\n            \"imagesLoaded\": true,\n            \"lazyLoad\": 1,\n            \"freeScroll\": false,\n            \"wrapAround\": true,\n            \"autoPlay\": 6000,\n            \"pauseAutoPlayOnHover\" : true,\n            \"prevNextButtons\": true,\n            \"contain\" : true,\n            \"adaptiveHeight\" : true,\n            \"dragThreshold\" : 10,\n            \"percentPosition\": true,\n            \"pageDots\": true,\n            \"rightToLeft\": false,\n            \"draggable\": true,\n            \"selectedAttraction\": 0.1,\n            \"parallax\" : 0,\n            \"friction\": 0.6        }'\n        >\n        \n\n  <div class=\"banner has-hover\" id=\"banner-751828425\">\n          <div class=\"banner-inner fill\">\n        <div class=\"banner-bg fill\" >\n                                    <div class=\"overlay\"><\/div>            \n                    <\/div>\n\t\t\n        <div class=\"banner-layers container\">\n            <div class=\"fill banner-link\"><\/div>            \n   <div id=\"text-box-1153839658\" class=\"text-box banner-layer x50 md-x50 lg-x50 y50 md-y50 lg-y50 res-text\">\n                                <div class=\"text-box-content text \">\n              \n              <div class=\"text-inner text-center\">\n                  \n  <div class=\"icon-box testimonial-box icon-box-center text-center\">\n                <div class=\"icon-box-img testimonial-image circle\" style=\"width: 216px\">\n              <img loading=\"lazy\" decoding=\"async\" width=\"150\" height=\"150\" src=\"https:\/\/knstgroup.com\/sites\/anneco\/wp-content\/uploads\/sites\/14\/2024\/12\/00e14e_c4dd5b29274141a2ace028bc386b27e7mv2-150x150.png\" class=\"attachment-thumbnail size-thumbnail\" alt=\"\" srcset=\"https:\/\/knstgroup.com\/sites\/anneco\/wp-content\/uploads\/sites\/14\/2024\/12\/00e14e_c4dd5b29274141a2ace028bc386b27e7mv2-150x150.png 150w, https:\/\/knstgroup.com\/sites\/anneco\/wp-content\/uploads\/sites\/14\/2024\/12\/00e14e_c4dd5b29274141a2ace028bc386b27e7mv2.png 250w\" sizes=\"auto, (max-width: 150px) 100vw, 150px\" \/>        <\/div>\n                <div class=\"icon-box-text p-last-0\">\n          <div class=\"star-rating\"><span style=\"width:100%\"><strong class=\"rating\"><\/strong><\/span><\/div>  \t\t\t\t<div class=\"testimonial-text line-height-small italic test_text first-reset last-reset is-italic\">\n            \n<p class=\"lead\">\u201cKho\u00e1 h\u1ecdc Amazon t\u1ea1i Anneco \u0111i t\u1eeb A-Z gi\u00fap t\u00f4i m\u1edf ra t\u01b0 duy v\u00e0 gi\u1ea3i quy\u1ebft kh\u00f3 kh\u0103n khi b\u00e1n h\u00e0ng, r\u1ea5t m\u1eebng v\u00ec hi\u1ec7n t\u1ea1i t\u00f4i \u0111\u00e3 c\u00f3 doanh s\u1ed1 b\u00e1n h\u00e0ng t\u0103ng tr\u01b0\u1edfng \u0111\u1ec1u \u0111\u1eb7n!\u201d<\/p>\n          <\/div>\n          <div class=\"testimonial-meta pt-half\">\n             <strong class=\"testimonial-name test_name\">HO\u00c0NG V\u0102N D\u0168NG<\/strong>\n             <span class=\"testimonial-name-divider\"> \/ <\/span>             <span class=\"testimonial-company test_company\">Kinh doanh Amazon t\u1ef1 do<\/span>\n          <\/div>\n        <\/div>\n  <\/div>\n\n  \n              <\/div>\n           <\/div>\n                            \n<style>\n#text-box-1153839658 {\n  width: 100%;\n}\n#text-box-1153839658 .text-box-content {\n  font-size: 100%;\n}\n@media (min-width:550px) {\n  #text-box-1153839658 {\n    width: 78%;\n  }\n}\n<\/style>\n    <\/div>\n \n        <\/div>\n      <\/div>\n\n            \n<style>\n#banner-751828425 {\n  padding-top: 378px;\n  background-color: rgba(0, 0, 0, 0);\n}\n#banner-751828425 .overlay {\n  background-color: rgba(255, 255, 255, 0);\n}\n#banner-751828425 .banner-bg img {\n  object-position: 79% 68%;\n}\n<\/style>\n  <\/div>\n\n\n\n  <div class=\"banner has-hover\" id=\"banner-1820831052\">\n          <div class=\"banner-inner fill\">\n        <div class=\"banner-bg fill\" >\n                                    <div class=\"overlay\"><\/div>            \n                    <\/div>\n\t\t\n        <div class=\"banner-layers container\">\n            <div class=\"fill banner-link\"><\/div>            \n   <div id=\"text-box-1898098868\" class=\"text-box banner-layer x50 md-x50 lg-x50 y50 md-y50 lg-y50 res-text\">\n                                <div class=\"text-box-content text \">\n              \n              <div class=\"text-inner text-center\">\n                  \n  <div class=\"icon-box testimonial-box icon-box-center text-center\">\n                <div class=\"icon-box-img testimonial-image circle\" style=\"width: 216px\">\n              <img loading=\"lazy\" decoding=\"async\" width=\"150\" height=\"150\" src=\"https:\/\/knstgroup.com\/sites\/anneco\/wp-content\/uploads\/sites\/14\/2024\/12\/00e14e_feaf719d1a734a0495894582b256fe72mv2-150x150.png\" class=\"attachment-thumbnail size-thumbnail\" alt=\"\" srcset=\"https:\/\/knstgroup.com\/sites\/anneco\/wp-content\/uploads\/sites\/14\/2024\/12\/00e14e_feaf719d1a734a0495894582b256fe72mv2-150x150.png 150w, https:\/\/knstgroup.com\/sites\/anneco\/wp-content\/uploads\/sites\/14\/2024\/12\/00e14e_feaf719d1a734a0495894582b256fe72mv2.png 300w\" sizes=\"auto, (max-width: 150px) 100vw, 150px\" \/>        <\/div>\n                <div class=\"icon-box-text p-last-0\">\n          <div class=\"star-rating\"><span style=\"width:100%\"><strong class=\"rating\"><\/strong><\/span><\/div>  \t\t\t\t<div class=\"testimonial-text line-height-small italic test_text first-reset last-reset is-italic\">\n            \n<p class=\"lead\">\n\u201cQua 6 bu\u1ed5i h\u1ecdc trong 1 th\u00e1ng h\u01b0\u1edbng d\u1eabn c\u1ee7a Anneco, ch\u00fang t\u00f4i \u0111\u00e3 b\u1eaft \u0111\u1ea7u v\u1eadn h\u00e0nh store tr\u00ean Amazon r\u1ea5t hi\u1ec7u qu\u1ea3. V\u1eadn h\u00e0nh m\u1ed9t th\u1eddi gian, ch\u00fang t\u00f4i nh\u1eadn ra b\u00e1n h\u00e0ng tr\u00ean Amazon kh\u00f4ng h\u1ec1 gi\u1ed1ng nh\u01b0 b\u00e1n h\u00e0ng tr\u00ean c\u00e1c s\u00e0n TM\u0110T t\u1ea1i Vi\u1ec7t Nam. Ch\u00fang t\u00f4i s\u1ebd \u0111\u1ed3ng h\u00e0nh c\u00f9ng Anneco th\u00eam m\u1ed9t th\u1eddi gian n\u1eefa \u0111\u1ec3 c\u00f3 th\u1ec3 b\u00e1n h\u00e0ng tr\u00ean Amazon hi\u1ec7u qu\u1ea3 nh\u1ea5t.\u201d<\/p>\n          <\/div>\n          <div class=\"testimonial-meta pt-half\">\n             <strong class=\"testimonial-name test_name\">LA KH\u1eaeC LINH<\/strong>\n             <span class=\"testimonial-name-divider\"> \/ <\/span>             <span class=\"testimonial-company test_company\">Founder &amp; CEO Hebela<\/span>\n          <\/div>\n        <\/div>\n  <\/div>\n\n  \n              <\/div>\n           <\/div>\n                            \n<style>\n#text-box-1898098868 {\n  width: 100%;\n}\n#text-box-1898098868 .text-box-content {\n  font-size: 100%;\n}\n@media (min-width:550px) {\n  #text-box-1898098868 {\n    width: 78%;\n  }\n}\n<\/style>\n    <\/div>\n \n        <\/div>\n      <\/div>\n\n            \n<style>\n#banner-1820831052 {\n  padding-top: 378px;\n  background-color: rgba(0, 0, 0, 0);\n}\n#banner-1820831052 .overlay {\n  background-color: rgba(255, 255, 255, 0);\n}\n#banner-1820831052 .banner-bg img {\n  object-position: 79% 68%;\n}\n<\/style>\n  <\/div>\n\n\n\n  <div class=\"banner has-hover\" id=\"banner-455581461\">\n          <div class=\"banner-inner fill\">\n        <div class=\"banner-bg fill\" >\n                                    <div class=\"overlay\"><\/div>            \n                    <\/div>\n\t\t\n        <div class=\"banner-layers container\">\n            <div class=\"fill banner-link\"><\/div>            \n   <div id=\"text-box-515707742\" class=\"text-box banner-layer x50 md-x50 lg-x50 y50 md-y50 lg-y50 res-text\">\n                                <div class=\"text-box-content text \">\n              \n              <div class=\"text-inner text-center\">\n                  \n  <div class=\"icon-box testimonial-box icon-box-center text-center\">\n                <div class=\"icon-box-img testimonial-image circle\" style=\"width: 216px\">\n              <img loading=\"lazy\" decoding=\"async\" width=\"150\" height=\"150\" src=\"https:\/\/knstgroup.com\/sites\/anneco\/wp-content\/uploads\/sites\/14\/2024\/12\/n3-150x150.jpg\" class=\"attachment-thumbnail size-thumbnail\" alt=\"\" srcset=\"https:\/\/knstgroup.com\/sites\/anneco\/wp-content\/uploads\/sites\/14\/2024\/12\/n3-150x150.jpg 150w, https:\/\/knstgroup.com\/sites\/anneco\/wp-content\/uploads\/sites\/14\/2024\/12\/n3.jpg 300w\" sizes=\"auto, (max-width: 150px) 100vw, 150px\" \/>        <\/div>\n                <div class=\"icon-box-text p-last-0\">\n          <div class=\"star-rating\"><span style=\"width:100%\"><strong class=\"rating\"><\/strong><\/span><\/div>  \t\t\t\t<div class=\"testimonial-text line-height-small italic test_text first-reset last-reset is-italic\">\n            \n<p class=\"lead\">\n\u201cNh\u1edd c\u00f3 s\u1ef1 \u0111\u1ed3ng h\u00e0nh c\u1ee7a Anneco Group, F99 \u0111\u00e3 kh\u00f4ng c\u00f2n ph\u1ea3i loay hoay tr\u01b0\u1edbc nh\u1eefng tr\u1edf ng\u1ea1i khi mang s\u1ea3n ph\u1ea9m Vi\u1ec7t \u0111\u1ebfn v\u1edbi kh\u00e1ch h\u00e0ng to\u00e0n c\u1ea7u. Anneco Group s\u1ebd lu\u00f4n l\u00e0 \u0111\u1ed1i t\u00e1c chi\u1ebfn l\u01b0\u1ee3c s\u1ed1 1 c\u1ee7a F99 tr\u00ean tr\u01b0\u1eddng Qu\u1ed1c t\u1ebf!\u201d<\/p>\n          <\/div>\n          <div class=\"testimonial-meta pt-half\">\n             <strong class=\"testimonial-name test_name\">HO\u00c0NG QUANG TH\u1ecaNH<\/strong>\n             <span class=\"testimonial-name-divider\"> \/ <\/span>             <span class=\"testimonial-company test_company\">Founder &amp; CEO, C\u00f4ng Ty C\u1ed5 Ph\u1ea7n C\u00f4ng Ngh\u1ec7 F99<\/span>\n          <\/div>\n        <\/div>\n  <\/div>\n\n  \n              <\/div>\n           <\/div>\n                            \n<style>\n#text-box-515707742 {\n  width: 100%;\n}\n#text-box-515707742 .text-box-content {\n  font-size: 100%;\n}\n@media (min-width:550px) {\n  #text-box-515707742 {\n    width: 78%;\n  }\n}\n<\/style>\n    <\/div>\n \n        <\/div>\n      <\/div>\n\n            \n<style>\n#banner-455581461 {\n  padding-top: 378px;\n  background-color: rgba(0, 0, 0, 0);\n}\n#banner-455581461 .overlay {\n  background-color: rgba(255, 255, 255, 0);\n}\n<\/style>\n  <\/div>\n\n\n\n  <div class=\"banner has-hover\" id=\"banner-1090764221\">\n          <div class=\"banner-inner fill\">\n        <div class=\"banner-bg fill\" >\n                                    <div class=\"overlay\"><\/div>            \n                    <\/div>\n\t\t\n        <div class=\"banner-layers container\">\n            <div class=\"fill banner-link\"><\/div>            \n   <div id=\"text-box-981853387\" class=\"text-box banner-layer x50 md-x50 lg-x50 y50 md-y50 lg-y50 res-text\">\n                                <div class=\"text-box-content text \">\n              \n              <div class=\"text-inner text-center\">\n                  \n  <div class=\"icon-box testimonial-box icon-box-center text-center\">\n                <div class=\"icon-box-img testimonial-image circle\" style=\"width: 216px\">\n              <img loading=\"lazy\" decoding=\"async\" width=\"150\" height=\"150\" src=\"https:\/\/knstgroup.com\/sites\/anneco\/wp-content\/uploads\/sites\/14\/2024\/12\/00e14e_83f9205dc24f4ea5b1ec1f402bf783acmv2-150x150.png\" class=\"attachment-thumbnail size-thumbnail\" alt=\"\" srcset=\"https:\/\/knstgroup.com\/sites\/anneco\/wp-content\/uploads\/sites\/14\/2024\/12\/00e14e_83f9205dc24f4ea5b1ec1f402bf783acmv2-150x150.png 150w, https:\/\/knstgroup.com\/sites\/anneco\/wp-content\/uploads\/sites\/14\/2024\/12\/00e14e_83f9205dc24f4ea5b1ec1f402bf783acmv2.png 250w\" sizes=\"auto, (max-width: 150px) 100vw, 150px\" \/>        <\/div>\n                <div class=\"icon-box-text p-last-0\">\n          <div class=\"star-rating\"><span style=\"width:100%\"><strong class=\"rating\"><\/strong><\/span><\/div>  \t\t\t\t<div class=\"testimonial-text line-height-small italic test_text first-reset last-reset is-italic\">\n            \n<p class=\"lead\">\u201cSau khi \u00e1p d\u1ee5ng ki\u1ebfn th\u1ee9c Content, Listings v\u00e0 Ads c\u1ee7a Anneco v\u00e0o c\u1eeda h\u00e0ng, th\u1ee9 h\u1ea1ng c\u1ee7a ch\u00fang t\u00f4i \u0111\u00e3 c\u1ea3i thi\u1ec7n r\u00f5 r\u1ec7t, doanh s\u1ed1 c\u0169ng t\u0103ng tr\u01b0\u1edfng r\u1ea5t \u0111\u00e1ng m\u1eebng.\u201d<\/p>\n          <\/div>\n          <div class=\"testimonial-meta pt-half\">\n             <strong class=\"testimonial-name test_name\">NGUY\u1ec4N H\u1ea0O SANH<\/strong>\n             <span class=\"testimonial-name-divider\"> \/ <\/span>             <span class=\"testimonial-company test_company\">Kinh doanh Amazon t\u1ef1 do<\/span>\n          <\/div>\n        <\/div>\n  <\/div>\n\n  \n              <\/div>\n           <\/div>\n                            \n<style>\n#text-box-981853387 {\n  width: 100%;\n}\n#text-box-981853387 .text-box-content {\n  font-size: 100%;\n}\n@media (min-width:550px) {\n  #text-box-981853387 {\n    width: 78%;\n  }\n}\n<\/style>\n    <\/div>\n \n        <\/div>\n      <\/div>\n\n            \n<style>\n#banner-1090764221 {\n  padding-top: 378px;\n  background-color: rgba(0, 0, 0, 0);\n}\n#banner-1090764221 .overlay {\n  background-color: rgba(255, 255, 255, 0);\n}\n<\/style>\n  <\/div>\n\n\n     <\/div>\n\n     <div class=\"loading-spin dark large centered\"><\/div>\n\n\t<\/div>\n\n\n\t\t<\/div>\n\t\t\t\t\t<\/div>\n\n\t\n<\/div>\n","protected":false},"excerpt":{"rendered":"","protected":false},"author":1,"featured_media":0,"parent":0,"menu_order":0,"comment_status":"closed","ping_status":"closed","template":"page-blank.php","meta":{"footnotes":""},"class_list":["post-65","page","type-page","status-publish","hentry"],"_links":{"self":[{"href":"https:\/\/knstgroup.com\/sites\/anneco\/wp-json\/wp\/v2\/pages\/65","targetHints":{"allow":["GET"]}}],"collection":[{"href":"https:\/\/knstgroup.com\/sites\/anneco\/wp-json\/wp\/v2\/pages"}],"about":[{"href":"https:\/\/knstgroup.com\/sites\/anneco\/wp-json\/wp\/v2\/types\/page"}],"author":[{"embeddable":true,"href":"https:\/\/knstgroup.com\/sites\/anneco\/wp-json\/wp\/v2\/users\/1"}],"replies":[{"embeddable":true,"href":"https:\/\/knstgroup.com\/sites\/anneco\/wp-json\/wp\/v2\/comments?post=65"}],"version-history":[{"count":32,"href":"https:\/\/knstgroup.com\/sites\/anneco\/wp-json\/wp\/v2\/pages\/65\/revisions"}],"predecessor-version":[{"id":114,"href":"https:\/\/knstgroup.com\/sites\/anneco\/wp-json\/wp\/v2\/pages\/65\/revisions\/114"}],"wp:attachment":[{"href":"https:\/\/knstgroup.com\/sites\/anneco\/wp-json\/wp\/v2\/media?parent=65"}],"curies":[{"name":"wp","href":"https:\/\/api.w.org\/{rel}","templated":true}]}}