 
{"id":171,"date":"2024-12-20T09:16:06","date_gmt":"2024-12-20T09:16:06","guid":{"rendered":"https:\/\/knstgroup.com\/sites\/anneco\/?page_id=171"},"modified":"2024-12-23T13:21:51","modified_gmt":"2024-12-23T13:21:51","slug":"blog","status":"publish","type":"page","link":"https:\/\/knstgroup.com\/sites\/anneco\/blog\/","title":{"rendered":"Blog"},"content":{"rendered":"\n\t<section class=\"section\" id=\"section_469424705\">\n\t\t<div class=\"section-bg fill\" >\n\t\t\t<img loading=\"lazy\" decoding=\"async\" width=\"960\" height=\"123\" src=\"https:\/\/knstgroup.com\/sites\/anneco\/wp-content\/uploads\/sites\/14\/2024\/12\/1.jpg\" class=\"bg attachment-original size-original\" alt=\"\" \/>\t\t\t\t\t\t\n\t\t\t\n\n\t\t<\/div>\n\n\t\t\n\n\t\t<div class=\"section-content relative\">\n\t\t\t\n\t<div id=\"text-683023832\" class=\"text\">\n\t\t\n<h2 class=\"uppercase\">BLOG<\/h2>\n<h3 class=\"thin-font\">T\u1ef1 tin chinh ph\u1ee5c th\u1ecb tr\u01b0\u1eddng Qu\u1ed1c t\u1ebf c\u00f9ng Anneco Group<\/h3>\n\t\t\n<style>\n#text-683023832 {\n  font-size: 1.6rem;\n  line-height: 1.7;\n  text-align: center;\n  color: rgb(255,255,255);\n}\n#text-683023832 > * {\n  color: rgb(255,255,255);\n}\n<\/style>\n\t<\/div>\n\t\n\t\t<\/div>\n\n\t\t\n<style>\n#section_469424705 {\n  padding-top: 30px;\n  padding-bottom: 30px;\n  margin-bottom: 100px;\n  min-height: 200px;\n}\n<\/style>\n\t<\/section>\n\t\n\n\t\t<div class=\"tabbed-content\">\n\t\t\t\n\t\t\t<ul class=\"nav nav-tabs nav-uppercase nav-size-xlarge nav-center\" role=\"tablist\"><li id=\"tab-gi\u1edai-thi\u1ec6u\" class=\"tab active has-icon\" role=\"presentation\"><a href=\"#tab_gi\u1edai-thi\u1ec6u\" role=\"tab\" aria-selected=\"true\" aria-controls=\"tab_gi\u1edai-thi\u1ec6u\"><span>GI\u1edaI THI\u1ec6U<\/span><\/a><\/li>\n<li id=\"tab-tip-1\" class=\"tab has-icon\" role=\"presentation\"><a href=\"#tab_tip-1\" tabindex=\"-1\" role=\"tab\" aria-selected=\"false\" aria-controls=\"tab_tip-1\"><span>TIP 1<\/span><\/a><\/li>\n<li id=\"tab-tip-2\" class=\"tab has-icon\" role=\"presentation\"><a href=\"#tab_tip-2\" tabindex=\"-1\" role=\"tab\" aria-selected=\"false\" aria-controls=\"tab_tip-2\"><span>TIP 2<\/span><\/a><\/li>\n<li id=\"tab-tip-3\" class=\"tab has-icon\" role=\"presentation\"><a href=\"#tab_tip-3\" tabindex=\"-1\" role=\"tab\" aria-selected=\"false\" aria-controls=\"tab_tip-3\"><span>TIP 3<\/span><\/a><\/li>\n<li id=\"tab-tip-4\" class=\"tab has-icon\" role=\"presentation\"><a href=\"#tab_tip-4\" tabindex=\"-1\" role=\"tab\" aria-selected=\"false\" aria-controls=\"tab_tip-4\"><span>TIP 4<\/span><\/a><\/li>\n<li id=\"tab-tip-5\" class=\"tab has-icon\" role=\"presentation\"><a href=\"#tab_tip-5\" tabindex=\"-1\" role=\"tab\" aria-selected=\"false\" aria-controls=\"tab_tip-5\"><span>TIP 5<\/span><\/a><\/li>\n<li id=\"tab-tip-6\" class=\"tab has-icon\" role=\"presentation\"><a href=\"#tab_tip-6\" tabindex=\"-1\" role=\"tab\" aria-selected=\"false\" aria-controls=\"tab_tip-6\"><span>TIP 6<\/span><\/a><\/li>\n<li id=\"tab-tip-7\" class=\"tab has-icon\" role=\"presentation\"><a href=\"#tab_tip-7\" tabindex=\"-1\" role=\"tab\" aria-selected=\"false\" aria-controls=\"tab_tip-7\"><span>TIP 7<\/span><\/a><\/li><\/ul><div class=\"tab-panels\"><div id=\"tab_gi\u1edai-thi\u1ec6u\" class=\"panel active entry-content\" role=\"tabpanel\" aria-labelledby=\"tab-gi\u1edai-thi\u1ec6u\">\n<div class=\"row\"  id=\"row-1937378346\">\n\n\t<div id=\"col-1578448032\" class=\"col medium-6 small-12 large-6\"  >\n\t\t\t\t<div class=\"col-inner\"  >\n\t\t\t\n\t\t\t\n\t<div class=\"img has-hover x md-x lg-x y md-y lg-y\" id=\"image_468780435\">\n\t\t\t\t\t\t\t\t<div class=\"img-inner dark\" >\n\t\t\t<img loading=\"lazy\" decoding=\"async\" width=\"313\" height=\"209\" src=\"https:\/\/knstgroup.com\/sites\/anneco\/wp-content\/uploads\/sites\/14\/2024\/12\/2.jpg\" class=\"attachment-large size-large\" alt=\"\" srcset=\"https:\/\/knstgroup.com\/sites\/anneco\/wp-content\/uploads\/sites\/14\/2024\/12\/2.jpg 313w, https:\/\/knstgroup.com\/sites\/anneco\/wp-content\/uploads\/sites\/14\/2024\/12\/2-300x200.jpg 300w\" sizes=\"auto, (max-width: 313px) 100vw, 313px\" \/>\t\t\t\t\t\t\n\t\t\t\t\t<\/div>\n\t\t\t\t\t\t\t\t\n<style>\n#image_468780435 {\n  width: 100%;\n}\n<\/style>\n\t<\/div>\n\t\n\t\t<\/div>\n\t\t\t\t\t<\/div>\n\n\t\n\n\t<div id=\"col-1445673977\" class=\"col medium-6 small-12 large-6\"  >\n\t\t\t\t<div class=\"col-inner\"  >\n\t\t\t\n\t\t\t\n\t<div id=\"text-553637624\" class=\"text\">\n\t\t\n<p>T\u0103ng doanh s\u1ed1 b\u00e1n h\u00e0ng Amazon ch\u00ednh l\u00e0 m\u1ee5c ti\u00eau m\u00e0 nhi\u1ec1u nh\u00e0 b\u00e1n h\u00e0ng h\u01b0\u1edbng \u0111\u1ebfn, tuy nhi\u00ean kh\u00f4ng ph\u1ea3i nh\u00e0 b\u00e1n h\u00e0ng n\u00e0o c\u0169ng bi\u1ebft c\u00e1ch \u0111\u1ec3 t\u0103ng doanh s\u1ed1 c\u1ee7a m\u00ecnh m\u1ed9t c\u00e1ch nhanh ch\u00f3ng v\u00e0 hi\u1ec7u qu\u1ea3.<\/p>\n<p>V\u1edbi nhi\u1ec1u n\u0103m kinh nghi\u1ec7m \u201cchinh chi\u1ebfn\u201d tr\u00ean th\u1ecb tr\u01b0\u1eddng TM\u0110T, h\u00e3y c\u00f9ng Anneco Group h\u1ecdc h\u1ecfi ngay c\u00e1c b\u00ed quy\u1ebft gia t\u0103ng doanh s\u1ed1 b\u00e1n h\u00e0ng Amazon hi\u1ec7u qu\u1ea3 nh\u1ea5t gi\u00fap nh\u00e0 b\u00e1n h\u00e0ng s\u1eb5n s\u00e0ng b\u1ee9t ph\u00e1 doanh thu cho n\u0103m 2023 nh\u00e9!<\/p>\n\t\t\n<style>\n#text-553637624 {\n  font-size: 1.4rem;\n  color: rgb(255, 255, 255);\n}\n#text-553637624 > * {\n  color: rgb(255, 255, 255);\n}\n<\/style>\n\t<\/div>\n\t\n\t\t<\/div>\n\t\t\t\t\t<\/div>\n\n\t\n\n<style>\n#row-1937378346 > .col > .col-inner {\n  background-color: #2068a0;\n}\n<\/style>\n<\/div>\n<\/div>\n<div id=\"tab_tip-1\" class=\"panel entry-content\" role=\"tabpanel\" aria-labelledby=\"tab-tip-1\">\n<div class=\"row\"  id=\"row-1544377323\">\n\n\t<div id=\"col-1916484415\" class=\"col medium-6 small-12 large-6\"  >\n\t\t\t\t<div class=\"col-inner\"  >\n\t\t\t\n\t\t\t\n\t<div class=\"img has-hover x md-x lg-x y md-y lg-y\" id=\"image_1401897030\">\n\t\t\t\t\t\t\t\t<div class=\"img-inner dark\" >\n\t\t\t<img loading=\"lazy\" decoding=\"async\" width=\"239\" height=\"239\" src=\"https:\/\/knstgroup.com\/sites\/anneco\/wp-content\/uploads\/sites\/14\/2024\/12\/3.jpg\" class=\"attachment-large size-large\" alt=\"\" srcset=\"https:\/\/knstgroup.com\/sites\/anneco\/wp-content\/uploads\/sites\/14\/2024\/12\/3.jpg 239w, https:\/\/knstgroup.com\/sites\/anneco\/wp-content\/uploads\/sites\/14\/2024\/12\/3-150x150.jpg 150w\" sizes=\"auto, (max-width: 239px) 100vw, 239px\" \/>\t\t\t\t\t\t\n\t\t\t\t\t<\/div>\n\t\t\t\t\t\t\t\t\n<style>\n#image_1401897030 {\n  width: 100%;\n}\n<\/style>\n\t<\/div>\n\t\n\t\t<\/div>\n\t\t\t\t\t<\/div>\n\n\t\n\n\t<div id=\"col-138302714\" class=\"col medium-6 small-12 large-6\"  >\n\t\t\t\t<div class=\"col-inner\"  >\n\t\t\t\n\t\t\t\n\t<div id=\"text-1161419198\" class=\"text\">\n\t\t\n<p>Vi\u1ec7c t\u1ed1i \u01b0u ho\u00e1 listings th\u01b0\u1eddng xuy\u00ean l\u00e0 m\u1ed9t trong nh\u1eefng c\u00e1ch hi\u1ec7u qu\u1ea3 \u0111\u1ec3 l\u00e0m gia t\u0103ng doanh s\u1ed1 b\u00e1n h\u00e0ng tr\u00ean Amazon. H\u00e3y c\u00f9ng \u0111i\u1ec3m qua checklist d\u01b0\u1edbi \u0111\u00e2y \u0111\u1ec3 th\u1ef1c hi\u1ec7n t\u1ed1i \u01b0u ho\u00e1 listings m\u1ed9t c\u00e1ch d\u1ec5 d\u00e0ng h\u01a1n, qua \u0111\u00f3 kh\u00f4ng ch\u1ec9 chinh ph\u1ee5c \u0111\u01b0\u1ee3c nh\u1eefng kh\u00e1ch h\u00e0ng m\u1ee5c ti\u00eau m\u00e0 c\u00f2n \u0111\u00e1p \u1ee9ng \u0111\u1ea7y \u0111\u1ee7 c\u00e1c thu\u1eadt to\u00e1n SEO c\u1ee7a Amazon.<br \/>\n&#8211; S\u1eed d\u1ee5ng t\u1eeb kho\u00e1 (Keywords) ch\u00ednh x\u00e1c.<br \/>\n&#8211; B\u1ed5 sung \u0111\u1ea7y \u0111\u1ee7 t\u00ean th\u01b0\u01a1ng hi\u1ec7u, t\u00ednh n\u0103ng s\u1ea3n ph\u1ea9m, nguy\u00ean v\u1eadt li\u1ec7u \u0111\u01b0\u1ee3c s\u1eed d\u1ee5ng v\u00e0 c\u00e1c th\u00f4ng tin c\u1ea7n thi\u1ebft kh\u00e1c v\u1ec1 s\u1ea3n ph\u1ea9m.<br \/>\n&#8211; H\u00ecnh \u1ea3nh b\u1eaft m\u1eaft, chuy\u00ean nghi\u1ec7p \u0111\u00e1p \u1ee9ng c\u00e1c \u0111i\u1ec1u ki\u1ec7n c\u1ee7a Amazon.<br \/>\n&#8211; \u0110\u1ea7u t\u01b0 h\u00ecnh \u1ea3nh ch\u1ea5t l\u01b0\u1ee3ng cao l\u00e0m n\u1ed5i b\u1eadt gi\u00e1 tr\u1ecb s\u1ea3n ph\u1ea9m.<br \/>\n&#8211; T\u1ed1i \u01b0u h\u00f3a c\u00e1c trang cho c\u1ea3 Amazon v\u00e0 Google.<\/p>\n\t\t\n<style>\n#text-1161419198 {\n  font-size: 1.4rem;\n  color: rgb(255, 255, 255);\n}\n#text-1161419198 > * {\n  color: rgb(255, 255, 255);\n}\n<\/style>\n\t<\/div>\n\t\n\t\t<\/div>\n\t\t\t\t\t<\/div>\n\n\t\n\n<style>\n#row-1544377323 > .col > .col-inner {\n  background-color: rgb(32, 104, 160);\n}\n<\/style>\n<\/div>\n<\/div>\n<div id=\"tab_tip-2\" class=\"panel entry-content\" role=\"tabpanel\" aria-labelledby=\"tab-tip-2\">\n<div class=\"row\"  id=\"row-1441119382\">\n\n\t<div id=\"col-1365090022\" class=\"col medium-6 small-12 large-6\"  >\n\t\t\t\t<div class=\"col-inner\"  >\n\t\t\t\n\t\t\t\n\t<div class=\"img has-hover x md-x lg-x y md-y lg-y\" id=\"image_1841344972\">\n\t\t\t\t\t\t\t\t<div class=\"img-inner dark\" >\n\t\t\t<img loading=\"lazy\" decoding=\"async\" width=\"239\" height=\"239\" src=\"https:\/\/knstgroup.com\/sites\/anneco\/wp-content\/uploads\/sites\/14\/2024\/12\/4.jpg\" class=\"attachment-large size-large\" alt=\"\" srcset=\"https:\/\/knstgroup.com\/sites\/anneco\/wp-content\/uploads\/sites\/14\/2024\/12\/4.jpg 239w, https:\/\/knstgroup.com\/sites\/anneco\/wp-content\/uploads\/sites\/14\/2024\/12\/4-150x150.jpg 150w\" sizes=\"auto, (max-width: 239px) 100vw, 239px\" \/>\t\t\t\t\t\t\n\t\t\t\t\t<\/div>\n\t\t\t\t\t\t\t\t\n<style>\n#image_1841344972 {\n  width: 100%;\n}\n<\/style>\n\t<\/div>\n\t\n\t\t<\/div>\n\t\t\t\t\t<\/div>\n\n\t\n\n\t<div id=\"col-814925300\" class=\"col medium-6 small-12 large-6\"  >\n\t\t\t\t<div class=\"col-inner\"  >\n\t\t\t\n\t\t\t\n\t<div id=\"text-2071243803\" class=\"text\">\n\t\t\n<p>Marketing tr\u00ean Amazon ch\u00ednh l\u00e0 ho\u1ea1t \u0111\u1ed9ng gi\u00fap s\u1ea3n ph\u1ea9m ti\u1ebfp c\u1eadn v\u1edbi kh\u00e1ch h\u00e0ng m\u1ee5c ti\u00eau c\u1ee7a doanh nghi\u1ec7p. Tuy nhi\u00ean, \u0111\u1ec3 t\u1ed1i \u01b0u ho\u00e1 h\u1ebft nh\u1eefng \u01b0u \u0111i\u1ec3m c\u1ee7a m\u1ed9t chi\u1ebfn d\u1ecbch Marketing th\u00ec nh\u00e0 b\u00e1n h\u00e0ng c\u1ea7n ch\u00fa \u00fd \u0111\u1ebfn vi\u1ec7c t\u1eadn d\u1ee5ng nh\u1eefng n\u1ec1n t\u1ea3ng x\u00e3 h\u1ed9i kh\u00e1c nhau. D\u01b0\u1edbi \u0111\u00e2y l\u00e0 m\u1ed9t s\u1ed1 n\u1ec1n t\u1ea3ng n\u1ed5i b\u1eadt m\u00e0 nh\u00e0 b\u00e1n h\u00e0ng c\u00f3 th\u1ec3 tham kh\u1ea3o \u0111\u1ec3 Marketing m\u1ed9t c\u00e1ch hi\u1ec7u qu\u1ea3:<br \/>\n&#8211; Amazon       <br \/>                                            &#8211; Qu\u1ea3ng c\u00e1o PPC<br \/>\n&#8211; C\u1eeda h\u00e0ng online    <br \/>                                &#8211; Facebook<br \/>\n&#8211; Website          <br \/>                                         &#8211; Instagram<br \/>\n&#8211; eBay           <br \/>                                              &#8211; Twitter<br \/>\n&#8211; Etsy<\/p>\n\t\t\n<style>\n#text-2071243803 {\n  font-size: 1.4rem;\n  color: rgb(255,255,255);\n}\n#text-2071243803 > * {\n  color: rgb(255,255,255);\n}\n<\/style>\n\t<\/div>\n\t\n\t\t<\/div>\n\t\t\t\t\t<\/div>\n\n\t\n\n<style>\n#row-1441119382 > .col > .col-inner {\n  background-color: rgb(32, 104, 160);\n}\n<\/style>\n<\/div>\n<\/div>\n<div id=\"tab_tip-3\" class=\"panel entry-content\" role=\"tabpanel\" aria-labelledby=\"tab-tip-3\">\n<div class=\"row\"  id=\"row-1428438210\">\n\n\t<div id=\"col-1796808485\" class=\"col medium-6 small-12 large-6\"  >\n\t\t\t\t<div class=\"col-inner\"  >\n\t\t\t\n\t\t\t\n\t<div class=\"img has-hover x md-x lg-x y md-y lg-y\" id=\"image_1043594760\">\n\t\t\t\t\t\t\t\t<div class=\"img-inner dark\" >\n\t\t\t<img loading=\"lazy\" decoding=\"async\" width=\"239\" height=\"239\" src=\"https:\/\/knstgroup.com\/sites\/anneco\/wp-content\/uploads\/sites\/14\/2024\/12\/5.jpg\" class=\"attachment-large size-large\" alt=\"\" srcset=\"https:\/\/knstgroup.com\/sites\/anneco\/wp-content\/uploads\/sites\/14\/2024\/12\/5.jpg 239w, https:\/\/knstgroup.com\/sites\/anneco\/wp-content\/uploads\/sites\/14\/2024\/12\/5-150x150.jpg 150w\" sizes=\"auto, (max-width: 239px) 100vw, 239px\" \/>\t\t\t\t\t\t\n\t\t\t\t\t<\/div>\n\t\t\t\t\t\t\t\t\n<style>\n#image_1043594760 {\n  width: 100%;\n}\n<\/style>\n\t<\/div>\n\t\n\t\t<\/div>\n\t\t\t\t\t<\/div>\n\n\t\n\n\t<div id=\"col-702575101\" class=\"col medium-6 small-12 large-6\"  >\n\t\t\t\t<div class=\"col-inner\"  >\n\t\t\t\n\t\t\t\n\t<div id=\"text-4986009\" class=\"text\">\n\t\t\n<p>Nh\u1eefng \u0111\u00e1nh gi\u00e1 t\u1ed1t (reviews) t\u1eeb kh\u00e1ch h\u00e0ng ch\u00ednh l\u00e0 nh\u1eefng minh ch\u1ee9ng \u0111\u1ec3 \u0111\u00e1nh gi\u00e1 ch\u00ednh x\u00e1c nh\u1ea5t v\u1ec1 ch\u1ea5t l\u01b0\u1ee3ng c\u1ee7a s\u1ea3n ph\u1ea9m. Nh\u1eefng \u0111\u00e1nh gi\u00e1 n\u00e0y ph\u1ea7n l\u1edbn s\u1ebd \u1ea3nh h\u01b0\u1edfng \u0111\u1ebfn quy\u1ebft \u0111\u1ecbnh tr\u1ea3i nghi\u1ec7m s\u1ea3n ph\u1ea9m c\u1ee7a kh\u00e1ch h\u00e0ng. T\u1eeb \u0111\u00f3, nh\u00e0 b\u00e1n h\u00e0ng c\u00f3 th\u1ec3 t\u00ecm ra nh\u1eefng insight gi\u00e1 tr\u1ecb \u0111\u1ec3 n\u00e2ng cao ch\u1ea5t l\u01b0\u1ee3ng s\u1ea3n ph\u1ea9m c\u0169ng nh\u01b0 c\u1ea3i thi\u1ec7n ch\u1ea5t l\u01b0\u1ee3ng d\u1ecbch v\u1ee5 d\u00e0nh cho kh\u00e1ch h\u00e0ng trong t\u01b0\u01a1ng lai. Ngo\u00e0i ra, nh\u1edd v\u00e0o c\u00e1c \u0111\u00e1nh gi\u00e1 t\u1ed1t t\u1eeb kh\u00e1ch h\u00e0ng, trang b\u00e1n h\u00e0ng c\u00f3 th\u1ec3 \u0111\u01b0\u1ee3c t\u0103ng th\u1ee9 t\u1ef1 x\u1ebfp h\u1ea1ng v\u00e0 thu h\u00fat nhi\u1ec1u kh\u00e1ch h\u00e0ng ti\u1ec1m n\u0103ng h\u01a1n.<\/p>\n\t\t\n<style>\n#text-4986009 {\n  font-size: 1.4rem;\n  color: rgb(255,255,255);\n}\n#text-4986009 > * {\n  color: rgb(255,255,255);\n}\n<\/style>\n\t<\/div>\n\t\n\t\t<\/div>\n\t\t\t\t\t<\/div>\n\n\t\n\n<style>\n#row-1428438210 > .col > .col-inner {\n  background-color: rgb(32, 104, 160);\n}\n<\/style>\n<\/div>\n<\/div>\n<div id=\"tab_tip-4\" class=\"panel entry-content\" role=\"tabpanel\" aria-labelledby=\"tab-tip-4\">\n<div class=\"row align-middle\"  id=\"row-1703361765\">\n\n\t<div id=\"col-385710980\" class=\"col medium-6 small-12 large-6\"  >\n\t\t\t\t<div class=\"col-inner\"  >\n\t\t\t\n\t\t\t\n\t<div class=\"img has-hover x md-x lg-x y md-y lg-y\" id=\"image_804360183\">\n\t\t\t\t\t\t\t\t<div class=\"img-inner dark\" >\n\t\t\t<img loading=\"lazy\" decoding=\"async\" width=\"239\" height=\"239\" src=\"https:\/\/knstgroup.com\/sites\/anneco\/wp-content\/uploads\/sites\/14\/2024\/12\/6.jpg\" class=\"attachment-large size-large\" alt=\"\" srcset=\"https:\/\/knstgroup.com\/sites\/anneco\/wp-content\/uploads\/sites\/14\/2024\/12\/6.jpg 239w, https:\/\/knstgroup.com\/sites\/anneco\/wp-content\/uploads\/sites\/14\/2024\/12\/6-150x150.jpg 150w\" sizes=\"auto, (max-width: 239px) 100vw, 239px\" \/>\t\t\t\t\t\t\n\t\t\t\t\t<\/div>\n\t\t\t\t\t\t\t\t\n<style>\n#image_804360183 {\n  width: 100%;\n}\n<\/style>\n\t<\/div>\n\t\n\t\t<\/div>\n\t\t\t\t\t<\/div>\n\n\t\n\n\t<div id=\"col-265376492\" class=\"col medium-6 small-12 large-6\"  >\n\t\t\t\t<div class=\"col-inner\"  >\n\t\t\t\n\t\t\t\n\t<div id=\"text-397713147\" class=\"text\">\n\t\t\n<p>Vi\u1ec7c t\u1eadn d\u1ee5ng c\u00f4ng c\u1ee5 qu\u1ea3ng c\u00e1o tr\u00ean Amazon s\u1ebd g\u00f3p ph\u1ea7n gi\u00fap th\u01b0\u01a1ng hi\u1ec7u n\u1ed5i b\u1eadt h\u01a1n so v\u1edbi c\u00e1c \u0111\u1ed1i th\u1ee7 c\u1ea1nh tranh. Tuy nhi\u00ean, \u0111\u1ec3 t\u1eadn d\u1ee5ng qu\u1ea3ng c\u00e1o PPC (Qu\u1ea3ng c\u00e1o tr\u1ea3 ph\u00ed cho m\u1ed7i l\u1ea7n nh\u1ea5p chu\u1ed9t) tr\u00ean Amazon, nh\u00e0 b\u00e1n h\u00e0ng c\u1ea7n s\u1eed d\u1ee5ng nhi\u1ec1u chi\u1ebfn l\u01b0\u1ee3c kh\u00e1c nhau \u0111\u1ec3 t\u1ed1i \u01b0u ho\u00e1 l\u1ee3i \u00edch mang l\u1ea1i cho doanh nghi\u1ec7p.<\/p>\n\t\t\n<style>\n#text-397713147 {\n  font-size: 1.4rem;\n  color: rgb(255,255,255);\n}\n#text-397713147 > * {\n  color: rgb(255,255,255);\n}\n<\/style>\n\t<\/div>\n\t\n\t\t<\/div>\n\t\t\t\t\t<\/div>\n\n\t\n\n<style>\n#row-1703361765 > .col > .col-inner {\n  background-color: #2068a0;\n}\n<\/style>\n<\/div>\n<\/div>\n<div id=\"tab_tip-5\" class=\"panel entry-content\" role=\"tabpanel\" aria-labelledby=\"tab-tip-5\">\n<div class=\"row align-middle\"  id=\"row-296500708\">\n\n\t<div id=\"col-533336546\" class=\"col medium-6 small-12 large-6\"  >\n\t\t\t\t<div class=\"col-inner\"  >\n\t\t\t\n\t\t\t\n\t<div class=\"img has-hover x md-x lg-x y md-y lg-y\" id=\"image_2037871325\">\n\t\t\t\t\t\t\t\t<div class=\"img-inner dark\" >\n\t\t\t<img loading=\"lazy\" decoding=\"async\" width=\"239\" height=\"239\" src=\"https:\/\/knstgroup.com\/sites\/anneco\/wp-content\/uploads\/sites\/14\/2024\/12\/7.jpg\" class=\"attachment-large size-large\" alt=\"\" srcset=\"https:\/\/knstgroup.com\/sites\/anneco\/wp-content\/uploads\/sites\/14\/2024\/12\/7.jpg 239w, https:\/\/knstgroup.com\/sites\/anneco\/wp-content\/uploads\/sites\/14\/2024\/12\/7-150x150.jpg 150w\" sizes=\"auto, (max-width: 239px) 100vw, 239px\" \/>\t\t\t\t\t\t\n\t\t\t\t\t<\/div>\n\t\t\t\t\t\t\t\t\n<style>\n#image_2037871325 {\n  width: 100%;\n}\n<\/style>\n\t<\/div>\n\t\n\t\t<\/div>\n\t\t\t\t\t<\/div>\n\n\t\n\n\t<div id=\"col-88110353\" class=\"col medium-6 small-12 large-6\"  >\n\t\t\t\t<div class=\"col-inner\"  >\n\t\t\t\n\t\t\t\n\t<div id=\"text-3137457326\" class=\"text\">\n\t\t\n<p>Amazon lu\u00f4n gi\u00e1m s\u00e1t r\u1ea5t k\u1ef9 hi\u1ec7u su\u1ea5t c\u1ee7a c\u00e1c nh\u00e0 b\u00e1n h\u00e0ng. Ch\u00ednh v\u00ec th\u1ebf, Amazon \u0111\u00e3 \u0111\u01b0a ra c\u00e1c s\u1ed1 li\u1ec7u \u0111\u1ec3 \u0111o l\u01b0\u1eddng kh\u1ea3 n\u0103ng v\u00e0 ch\u1ea5t l\u01b0\u1ee3ng c\u1ee7a nh\u00e0 b\u00e1n h\u00e0ng:<br \/>\n&#8211; T\u1ef7 l\u1ec7 \u0111\u01a1n h\u00e0ng sai s\u00f3t (Order Defect Rate &#8211; ODR)<br \/>\n&#8211; T\u1ef7 l\u1ec7 h\u00e0ng t\u1ed3n kho (Pre-Fulfillment Cancellation Rate &#8211; PFCR)<br \/>\n&#8211; T\u1ef7 l\u1ec7 tr\u1ec5 \u0111\u01a1n h\u00e0ng (Late Dispatch Rate &#8211; LDR)<br \/>\n&#8211; Vi ph\u1ea1m ch\u00ednh s\u00e1ch (Policy Violations)<br \/>\n&#8211; Th\u1eddi gian ph\u1ea3n h\u1ed3i li\u00ean h\u1ec7 gi\u1eefa ng\u01b0\u1eddi mua v\u00e0 nh\u00e0 b\u00e1n h\u00e0ng (Buyer-Seller Contact Response Time &#8211; CRT)<\/p>\n\t\t\n<style>\n#text-3137457326 {\n  font-size: 1.4rem;\n  color: rgb(255, 255, 255);\n}\n#text-3137457326 > * {\n  color: rgb(255, 255, 255);\n}\n<\/style>\n\t<\/div>\n\t\n\t\t<\/div>\n\t\t\t\t\t<\/div>\n\n\t\n\n<style>\n#row-296500708 > .col > .col-inner {\n  background-color: #2068a0;\n}\n<\/style>\n<\/div>\n<\/div>\n<div id=\"tab_tip-6\" class=\"panel entry-content\" role=\"tabpanel\" aria-labelledby=\"tab-tip-6\">\n<div class=\"row align-middle\"  id=\"row-1845291314\">\n\n\t<div id=\"col-1745512511\" class=\"col medium-6 small-12 large-6\"  >\n\t\t\t\t<div class=\"col-inner\"  >\n\t\t\t\n\t\t\t\n\t<div class=\"img has-hover x md-x lg-x y md-y lg-y\" id=\"image_133560157\">\n\t\t\t\t\t\t\t\t<div class=\"img-inner dark\" >\n\t\t\t<img loading=\"lazy\" decoding=\"async\" width=\"239\" height=\"239\" src=\"https:\/\/knstgroup.com\/sites\/anneco\/wp-content\/uploads\/sites\/14\/2024\/12\/8.jpg\" class=\"attachment-large size-large\" alt=\"\" srcset=\"https:\/\/knstgroup.com\/sites\/anneco\/wp-content\/uploads\/sites\/14\/2024\/12\/8.jpg 239w, https:\/\/knstgroup.com\/sites\/anneco\/wp-content\/uploads\/sites\/14\/2024\/12\/8-150x150.jpg 150w\" sizes=\"auto, (max-width: 239px) 100vw, 239px\" \/>\t\t\t\t\t\t\n\t\t\t\t\t<\/div>\n\t\t\t\t\t\t\t\t\n<style>\n#image_133560157 {\n  width: 100%;\n}\n<\/style>\n\t<\/div>\n\t\n\t\t<\/div>\n\t\t\t\t\t<\/div>\n\n\t\n\n\t<div id=\"col-1642650079\" class=\"col medium-6 small-12 large-6\"  >\n\t\t\t\t<div class=\"col-inner\"  >\n\t\t\t\n\t\t\t\n\t<div id=\"text-2376181460\" class=\"text\">\n\t\t\n<p>Vi\u1ec7c qu\u1ea3n l\u00fd t\u1ed1t h\u00e0ng t\u1ed3n kho s\u1ebd l\u00e0m t\u0103ng th\u1ee9 h\u1ea1ng trang b\u00e1n h\u00e0ng c\u1ee7a nh\u00e0 b\u00e1n tr\u00ean Amazon. Tuy nhi\u00ean, vi\u1ec7c qu\u1ea3n l\u00fd n\u00e0y s\u1ebd t\u01b0\u01a1ng \u0111\u1ed1i kh\u00f3 kh\u0103n v\u00e0 \u0111\u00f2i h\u1ecfi r\u1ea5t nhi\u1ec1u th\u1eddi gian \u0111\u1ec3 th\u1ef1c hi\u1ec7n. Ch\u00ednh v\u00ec th\u1ebf, nh\u00e0 b\u00e1n h\u00e0ng c\u00f3 th\u1ec3 l\u1ef1a ch\u1ecdn s\u1eed d\u1ee5ng nh\u1eefng ph\u1ea7n m\u1ec1m \u0111\u01b0\u1ee3c l\u1eadp tr\u00ecnh s\u1eb5n cho vi\u1ec7c qu\u1ea3n l\u00fd h\u00e0ng t\u1ed3n kho ho\u1eb7c thu\u00ea nh\u1eefng chuy\u00ean vi\u00ean c\u00f3 kinh nghi\u1ec7m trong l\u0129nh v\u1ef1c n\u00e0y.<\/p>\n\t\t\n<style>\n#text-2376181460 {\n  font-size: 1.4rem;\n  color: rgb(255,255,255);\n}\n#text-2376181460 > * {\n  color: rgb(255,255,255);\n}\n<\/style>\n\t<\/div>\n\t\n\t\t<\/div>\n\t\t\t\t\t<\/div>\n\n\t\n\n<style>\n#row-1845291314 > .col > .col-inner {\n  background-color: #2068a0;\n}\n<\/style>\n<\/div>\n<\/div>\n<div id=\"tab_tip-7\" class=\"panel entry-content\" role=\"tabpanel\" aria-labelledby=\"tab-tip-7\">\n<div class=\"row\"  id=\"row-1409978140\">\n\n\t<div id=\"col-687623152\" class=\"col medium-6 small-12 large-6\"  >\n\t\t\t\t<div class=\"col-inner\"  >\n\t\t\t\n\t\t\t\n\t<div class=\"img has-hover x md-x lg-x y md-y lg-y\" id=\"image_1173407143\">\n\t\t\t\t\t\t\t\t<div class=\"img-inner dark\" >\n\t\t\t<img loading=\"lazy\" decoding=\"async\" width=\"239\" height=\"239\" src=\"https:\/\/knstgroup.com\/sites\/anneco\/wp-content\/uploads\/sites\/14\/2024\/12\/9.jpg\" class=\"attachment-large size-large\" alt=\"\" srcset=\"https:\/\/knstgroup.com\/sites\/anneco\/wp-content\/uploads\/sites\/14\/2024\/12\/9.jpg 239w, https:\/\/knstgroup.com\/sites\/anneco\/wp-content\/uploads\/sites\/14\/2024\/12\/9-150x150.jpg 150w\" sizes=\"auto, (max-width: 239px) 100vw, 239px\" \/>\t\t\t\t\t\t\n\t\t\t\t\t<\/div>\n\t\t\t\t\t\t\t\t\n<style>\n#image_1173407143 {\n  width: 100%;\n}\n<\/style>\n\t<\/div>\n\t\n\t\t<\/div>\n\t\t\t\t\t<\/div>\n\n\t\n\n\t<div id=\"col-349253998\" class=\"col medium-6 small-12 large-6\"  >\n\t\t\t\t<div class=\"col-inner\"  >\n\t\t\t\n\t\t\t\n\t<div id=\"text-3637387270\" class=\"text\">\n\t\t\n<p>\u0110\u1ec3 kinh doanh b\u1ec1n v\u1eefng tr\u00ean s\u00e0n th\u01b0\u01a1ng m\u1ea1i \u0111i\u1ec7n t\u1eed mang t\u00ednh c\u1ea1nh tranh cao nh\u01b0 Amazon th\u00ec nh\u00e0 b\u00e1n h\u00e0ng c\u1ea7n ph\u1ea3i hi\u1ec3u r\u00f5 v\u1ec1 \u0111\u1ed1i th\u1ee7 c\u1ea1nh tranh c\u1ee7a m\u00ecnh. Khi \u0111\u00e3 n\u1eafm b\u1eaft \u0111\u01b0\u1ee3c c\u00e1c chi\u1ebfn l\u01b0\u1ee3c kinh doanh c\u1ee7a \u0111\u1ed1i th\u1ee7, nh\u00e0 b\u00e1n h\u00e0ng s\u1ebd c\u00f3 c\u01a1 h\u1ed9i cao \u0111\u1ec3 v\u01b0\u01a1n l\u00ean chi\u1ebfm \u01b0u th\u1ebf v\u00e0 lo\u1ea1i b\u1ecf \u0111\u1ed1i th\u1ee7. T\u1eeb \u0111\u00f3, nh\u00e0 b\u00e1n h\u00e0ng c\u00f3 th\u1ec3 d\u1ec5 d\u00e0ng gi\u00e0nh \u0111\u01b0\u1ee3c \u00d4 mua h\u00e0ng (Buy Box) v\u00e0 n\u00e2ng cao t\u1ea7m \u1ea3nh h\u01b0\u1edfng c\u1ee7a th\u01b0\u01a1ng hi\u1ec7u.<\/p>\n\t\t\n<style>\n#text-3637387270 {\n  font-size: 1.4rem;\n  color: rgb(255,255,255);\n}\n#text-3637387270 > * {\n  color: rgb(255,255,255);\n}\n<\/style>\n\t<\/div>\n\t\n\t\t<\/div>\n\t\t\t\t\t<\/div>\n\n\t\n\n<style>\n#row-1409978140 > .col > .col-inner {\n  background-color: rgb(32, 104, 160);\n}\n<\/style>\n<\/div>\n<\/div><\/div><\/div>\n","protected":false},"excerpt":{"rendered":"","protected":false},"author":1,"featured_media":0,"parent":0,"menu_order":0,"comment_status":"closed","ping_status":"closed","template":"","meta":{"footnotes":""},"class_list":["post-171","page","type-page","status-publish","hentry"],"_links":{"self":[{"href":"https:\/\/knstgroup.com\/sites\/anneco\/wp-json\/wp\/v2\/pages\/171","targetHints":{"allow":["GET"]}}],"collection":[{"href":"https:\/\/knstgroup.com\/sites\/anneco\/wp-json\/wp\/v2\/pages"}],"about":[{"href":"https:\/\/knstgroup.com\/sites\/anneco\/wp-json\/wp\/v2\/types\/page"}],"author":[{"embeddable":true,"href":"https:\/\/knstgroup.com\/sites\/anneco\/wp-json\/wp\/v2\/users\/1"}],"replies":[{"embeddable":true,"href":"https:\/\/knstgroup.com\/sites\/anneco\/wp-json\/wp\/v2\/comments?post=171"}],"version-history":[{"count":4,"href":"https:\/\/knstgroup.com\/sites\/anneco\/wp-json\/wp\/v2\/pages\/171\/revisions"}],"predecessor-version":[{"id":429,"href":"https:\/\/knstgroup.com\/sites\/anneco\/wp-json\/wp\/v2\/pages\/171\/revisions\/429"}],"wp:attachment":[{"href":"https:\/\/knstgroup.com\/sites\/anneco\/wp-json\/wp\/v2\/media?parent=171"}],"curies":[{"name":"wp","href":"https:\/\/api.w.org\/{rel}","templated":true}]}}