 
{"id":151,"date":"2024-12-20T09:06:34","date_gmt":"2024-12-20T09:06:34","guid":{"rendered":"https:\/\/knstgroup.com\/sites\/anneco\/?page_id=151"},"modified":"2024-12-22T03:40:23","modified_gmt":"2024-12-22T03:40:23","slug":"nghien-cuu-thi-truong","status":"publish","type":"page","link":"https:\/\/knstgroup.com\/sites\/anneco\/nghien-cuu-thi-truong\/","title":{"rendered":"NGHI\u00caN C\u1ee8U TH\u1eca TR\u01af\u1edcNG"},"content":{"rendered":"\n  <div class=\"banner has-hover\" id=\"banner-196429778\">\n          <div class=\"banner-inner fill\">\n        <div class=\"banner-bg fill\" >\n                                                \n                    <\/div>\n\t\t\n\t<div class=\"ux-shape-divider ux-shape-divider--bottom ux-shape-divider--style-waves-opacity-3\">\n\t\t<svg viewBox=\"0 0 1000 300\" xmlns=\"http:\/\/www.w3.org\/2000\/svg\" preserveAspectRatio=\"none\">\n\t<path class=\"ux-shape-fill\" opacity=\"0.05\" d=\"M1014 264V386H206L34 300C34 300 344.42 277.16 436 221C542 156 590 160 704 209C811 255 899.11 214.94 979 346L1014 264Z\"\/>\n\t<path class=\"ux-shape-fill\" opacity=\"0.1\" d=\"M-302 55C-302 55 -66.73 263.25 50 214C178 160 283 116 353 141C445.68 174.1 534.28 256.19 588 249C692.9 235 764.52 75.94 855 131C940.61 183.09 1000 254 1000 254V328L-306 338L-302 55Z\"\/>\n\t<path class=\"ux-shape-fill\" opacity=\"0.15\" d=\"M-286 255C-286 255 -72 152 52 126C176 100 255 155 436 227C581.57 284.91 614.7 277.79 708 227C787 184 1009 3.0001 1093 164C1146 265.63 1031 293 1031 293L924 377L-288 389L-286 255Z\"\/>\n\t<path class=\"ux-shape-fill\" opacity=\"0.3\" d=\"M-24 69C-24 69 275.68 370.66 389 314C397 310 622 316 673 356C690.47 369.7 845 224 890 182C944.8 130.85 1018 92 1078 143C1154.12 207.7 1196 242 1196 242L1184 374L-28 386L-24 69Z\"\/>\n\t<path class=\"ux-shape-fill\" d=\"M-12 201C-12 201 58 284 182 258C306 232 342.29 221.23 456 264C565 305 640.82 288.36 721 249C776 222 837.5 191.31 935 253C984 284 1030 279 1030 279L1024 430L-12 440V201Z\"\/>\n<\/svg>\n\t<\/div>\n        <div class=\"banner-layers container\">\n            <div class=\"fill banner-link\"><\/div>            \n   <div id=\"text-box-1031789177\" class=\"text-box banner-layer x0 md-x0 lg-x0 y25 md-y25 lg-y25 res-text\">\n                                <div class=\"text-box-content text \">\n              \n              <div class=\"text-inner text-center\">\n                  \n<h3><strong>NGHI\u00caN C\u1ee8U TH\u1eca TR\u01af\u1edcNG<\/strong><\/h3>\n<h4><strong>CH\u00ccA KH\u00d3A CHINH PH\u1ee4C TH\u1eca TR\u01af\u1edcNG QU\u1ed0C T\u1ebe<\/strong><\/h4>\n<a class=\"button primary lowercase\"  style=\"border-radius:99px;\">\n\t\t<span>Li\u00ean h\u1ec7 ngay<\/span>\n\t<\/a>\n\n              <\/div>\n           <\/div>\n                            \n<style>\n#text-box-1031789177 {\n  width: 49%;\n}\n#text-box-1031789177 .text-box-content {\n  font-size: 100%;\n}\n<\/style>\n    <\/div>\n \n\t<div class=\"img has-hover x90 md-x90 lg-x90 y0 md-y0 lg-y0\" id=\"image_1126478789\">\n\t\t\t\t\t\t\t\t<div class=\"img-inner dark\" >\n\t\t\t<img loading=\"lazy\" decoding=\"async\" width=\"525\" height=\"513\" src=\"https:\/\/knstgroup.com\/sites\/anneco\/wp-content\/uploads\/sites\/14\/2024\/12\/nghien-cuu-0.png\" class=\"attachment-large size-large\" alt=\"\" srcset=\"https:\/\/knstgroup.com\/sites\/anneco\/wp-content\/uploads\/sites\/14\/2024\/12\/nghien-cuu-0.png 525w, https:\/\/knstgroup.com\/sites\/anneco\/wp-content\/uploads\/sites\/14\/2024\/12\/nghien-cuu-0-300x293.png 300w\" sizes=\"auto, (max-width: 525px) 100vw, 525px\" \/>\t\t\t\t\t\t\n\t\t\t\t\t<\/div>\n\t\t\t\t\t\t\t\t\n<style>\n#image_1126478789 {\n  width: 33%;\n}\n<\/style>\n\t<\/div>\n\t\n        <\/div>\n      <\/div>\n\n            \n<style>\n#banner-196429778 {\n  padding-top: 500px;\n  background-color: rgb(230, 244, 255);\n}\n#banner-196429778 .ux-shape-divider--bottom svg {\n  height: 150px;\n  --divider-width: 100%;\n}\n<\/style>\n  <\/div>\n\n\n<div class=\"row\"  id=\"row-1872392475\">\n\n\t<div id=\"col-675798912\" class=\"col medium-2 small-12 large-2\"  >\n\t\t\t\t<div class=\"col-inner\"  >\n\t\t\t\n\t\t\t\n\t\t<\/div>\n\t\t\t\t\t<\/div>\n\n\t\n\n\t<div id=\"col-2121447058\" class=\"col medium-8 small-12 large-8\"  >\n\t\t\t\t<div class=\"col-inner\"  >\n\t\t\t\n\t\t\t\n<div id=\"comp-lcfrj05p\" class=\"HcOXKn c9GqVL QxJLC3 lq2cno YQcXTT comp-lcfrj05p wixui-rich-text\" data-testid=\"richTextElement\" data-motion-enter=\"done\">\n<h3 class=\"font_5 wixui-rich-text__text\" style=\"text-align: center;\"><strong><span class=\"wixui-rich-text__text\">\u200bM\u1ede R\u1ed8NG TH\u1eca TR\u01af\u1edcNG &#8211; B\u1ee8T PH\u00c1 DOANH THU<\/span><\/strong><\/h3>\n<\/div>\n<div id=\"comp-lcsr5254\" class=\"HcOXKn c9GqVL QxJLC3 lq2cno YQcXTT comp-lcsr5254 wixui-rich-text\" data-testid=\"richTextElement\" data-motion-enter=\"done\">\n<p class=\"font_7 wixui-rich-text__text\" style=\"text-align: center;\"><span class=\"wixui-rich-text__text\">Khi m\u1edf r\u1ed9ng kinh doanh v\u00e0 tham gia m\u1ed9t th\u1ecb tr\u01b0\u1eddng m\u1edbi, doanh nghi\u1ec7p c\u1ea7n c\u00f3 nh\u1eefng d\u1eef li\u1ec7u, th\u00f4ng tin c\u0169ng nh\u01b0 nh\u1eefng nghi\u00ean c\u1ee9u chuy\u00ean s\u00e2u v\u1ec1 th\u1ecb tr\u01b0\u1eddng \u0111\u1ec3 hi\u1ec3u r\u00f5 c\u00e1c ti\u1ec1m n\u0103ng v\u00e0 r\u1ee7i ro, t\u1eeb \u0111\u00f3 \u0111\u01b0a ra nh\u1eefng quy\u1ebft \u0111\u1ecbnh kinh doanh v\u00e0 chi\u1ebfn l\u01b0\u1ee3c ph\u00f9 h\u1ee3p nh\u1ea5t.<\/span><span class=\"wixui-rich-text__text\"><span class=\"wixGuard wixui-rich-text__text\">\u200b<\/span><\/span><\/p>\n<p class=\"font_7 wixui-rich-text__text\" style=\"text-align: center;\"><span class=\"wixui-rich-text__text\">Ng\u00e0y nay trong th\u1eddi \u0111\u1ea1i c\u00f4ng ngh\u1ec7 th\u00f4ng tin ph\u00e1t tri\u1ec3n m\u1ea1nh m\u1ebd, vi\u1ec7c ch\u1ecdn l\u1ecdc v\u00e0 x\u00e2u chu\u1ed7i c\u00e1c d\u1eef li\u1ec7u ph\u00f9 h\u1ee3p l\u00e0 v\u00f4 c\u00f9ng quan tr\u1ecdng khi ph\u1ea3i \u0111\u1ed1i m\u1eb7t v\u1edbi t\u00ecnh tr\u1ea1ng nhi\u1ec5u lo\u1ea1n th\u00f4ng tin, nh\u1ea5t l\u00e0 \u0111\u1ed1i v\u1edbi <\/span><span class=\"wixui-rich-text__text\">nh\u1eefng ng\u01b0\u1eddi l\u00e0m kinh doanh.<\/span><\/p>\n<\/div>\n\t\t<\/div>\n\t\t\t\t\t<\/div>\n\n\t\n\n\t<div id=\"col-1330619685\" class=\"col medium-2 small-12 large-2\"  >\n\t\t\t\t<div class=\"col-inner\"  >\n\t\t\t\n\t\t\t\n\t\t<\/div>\n\t\t\t\t\t<\/div>\n\n\t\n<\/div>\n<div class=\"row\"  id=\"row-1015804166\">\n\n\t<div id=\"col-41399970\" class=\"col small-12 large-12\"  >\n\t\t\t\t<div class=\"col-inner\"  >\n\t\t\t\n\t\t\t\n<h3 style=\"text-align: center;\"><strong>CHI\u1ebeN TH\u1eaeNG \u0110\u1ed0I TH\u1ee6 V\u1edaI CHI\u1ebeN L\u01af\u1ee2C T\u1ed0I \u01afU<\/strong><\/h3>\n\t\t<\/div>\n\t\t\t\t\n<style>\n#col-41399970 > .col-inner {\n  padding: 0px 0px 0px 0px;\n  margin: 0px 0px 0px 0px;\n}\n<\/style>\n\t<\/div>\n\n\t\n\n\t<div id=\"col-2096218645\" class=\"col small-12 large-12\"  >\n\t\t\t\t<div class=\"col-inner\"  >\n\t\t\t\n\t\t\t\n\t<div class=\"img has-hover x md-x lg-x y md-y lg-y\" id=\"image_945283621\">\n\t\t\t\t\t\t\t\t<div class=\"img-inner dark\" >\n\t\t\t<img loading=\"lazy\" decoding=\"async\" width=\"1648\" height=\"715\" src=\"https:\/\/knstgroup.com\/sites\/anneco\/wp-content\/uploads\/sites\/14\/2024\/12\/Screenshot-2024-12-20-010004.png\" class=\"attachment-original size-original\" alt=\"\" srcset=\"https:\/\/knstgroup.com\/sites\/anneco\/wp-content\/uploads\/sites\/14\/2024\/12\/Screenshot-2024-12-20-010004.png 1648w, https:\/\/knstgroup.com\/sites\/anneco\/wp-content\/uploads\/sites\/14\/2024\/12\/Screenshot-2024-12-20-010004-300x130.png 300w, https:\/\/knstgroup.com\/sites\/anneco\/wp-content\/uploads\/sites\/14\/2024\/12\/Screenshot-2024-12-20-010004-1024x444.png 1024w, https:\/\/knstgroup.com\/sites\/anneco\/wp-content\/uploads\/sites\/14\/2024\/12\/Screenshot-2024-12-20-010004-768x333.png 768w, https:\/\/knstgroup.com\/sites\/anneco\/wp-content\/uploads\/sites\/14\/2024\/12\/Screenshot-2024-12-20-010004-1536x666.png 1536w\" sizes=\"auto, (max-width: 1648px) 100vw, 1648px\" \/>\t\t\t\t\t\t\n\t\t\t\t\t<\/div>\n\t\t\t\t\t\t\t\t\n<style>\n#image_945283621 {\n  width: 100%;\n}\n<\/style>\n\t<\/div>\n\t\n\t\t<\/div>\n\t\t\t\t\n<style>\n#col-2096218645 > .col-inner {\n  padding: 0px 0px 0px 0px;\n  margin: 0px 0px 0px 0px;\n}\n<\/style>\n\t<\/div>\n\n\t\n<\/div>\n<div class=\"row\"  id=\"row-1705751498\">\n\n\t<div id=\"col-1461026552\" class=\"col small-12 large-12\"  >\n\t\t\t\t<div class=\"col-inner\"  >\n\t\t\t\n\t\t\t\n<h3 style=\"text-align: center;\"><strong>\u0110\u1ed2NG H\u00c0NH C\u00d9NG DOANH NGHI\u1ec6P VI\u1ec6T B\u1ee8T PH\u00c1 DOANH THU TR\u00caN TH\u1eca TR\u01af\u1edcNG QU\u1ed0C T\u1ebe<\/strong><\/h3>\n\t\t<\/div>\n\t\t\t\t\t<\/div>\n\n\t\n\n\t<div id=\"col-1805228349\" class=\"col small-12 large-12\"  >\n\t\t\t\t<div class=\"col-inner\"  >\n\t\t\t\n\t\t\t\n\t<div class=\"img has-hover x md-x lg-x y md-y lg-y\" id=\"image_1732792936\">\n\t\t\t\t\t\t\t\t<div class=\"img-inner dark\" >\n\t\t\t<img loading=\"lazy\" decoding=\"async\" width=\"1181\" height=\"767\" src=\"https:\/\/knstgroup.com\/sites\/anneco\/wp-content\/uploads\/sites\/14\/2024\/12\/Screenshot-2024-12-20-010034.png\" class=\"attachment-original size-original\" alt=\"\" srcset=\"https:\/\/knstgroup.com\/sites\/anneco\/wp-content\/uploads\/sites\/14\/2024\/12\/Screenshot-2024-12-20-010034.png 1181w, https:\/\/knstgroup.com\/sites\/anneco\/wp-content\/uploads\/sites\/14\/2024\/12\/Screenshot-2024-12-20-010034-300x195.png 300w, https:\/\/knstgroup.com\/sites\/anneco\/wp-content\/uploads\/sites\/14\/2024\/12\/Screenshot-2024-12-20-010034-1024x665.png 1024w, https:\/\/knstgroup.com\/sites\/anneco\/wp-content\/uploads\/sites\/14\/2024\/12\/Screenshot-2024-12-20-010034-768x499.png 768w\" sizes=\"auto, (max-width: 1181px) 100vw, 1181px\" \/>\t\t\t\t\t\t\n\t\t\t\t\t<\/div>\n\t\t\t\t\t\t\t\t\n<style>\n#image_1732792936 {\n  width: 100%;\n}\n<\/style>\n\t<\/div>\n\t\n\t\t<\/div>\n\t\t\t\t\t<\/div>\n\n\t\n<\/div>\n","protected":false},"excerpt":{"rendered":"","protected":false},"author":1,"featured_media":0,"parent":0,"menu_order":0,"comment_status":"closed","ping_status":"closed","template":"page-blank.php","meta":{"footnotes":""},"class_list":["post-151","page","type-page","status-publish","hentry"],"_links":{"self":[{"href":"https:\/\/knstgroup.com\/sites\/anneco\/wp-json\/wp\/v2\/pages\/151","targetHints":{"allow":["GET"]}}],"collection":[{"href":"https:\/\/knstgroup.com\/sites\/anneco\/wp-json\/wp\/v2\/pages"}],"about":[{"href":"https:\/\/knstgroup.com\/sites\/anneco\/wp-json\/wp\/v2\/types\/page"}],"author":[{"embeddable":true,"href":"https:\/\/knstgroup.com\/sites\/anneco\/wp-json\/wp\/v2\/users\/1"}],"replies":[{"embeddable":true,"href":"https:\/\/knstgroup.com\/sites\/anneco\/wp-json\/wp\/v2\/comments?post=151"}],"version-history":[{"count":10,"href":"https:\/\/knstgroup.com\/sites\/anneco\/wp-json\/wp\/v2\/pages\/151\/revisions"}],"predecessor-version":[{"id":218,"href":"https:\/\/knstgroup.com\/sites\/anneco\/wp-json\/wp\/v2\/pages\/151\/revisions\/218"}],"wp:attachment":[{"href":"https:\/\/knstgroup.com\/sites\/anneco\/wp-json\/wp\/v2\/media?parent=151"}],"curies":[{"name":"wp","href":"https:\/\/api.w.org\/{rel}","templated":true}]}}