 
{"id":115,"date":"2024-12-19T17:00:34","date_gmt":"2024-12-19T17:00:34","guid":{"rendered":"https:\/\/knstgroup.com\/sites\/anneco\/?page_id=115"},"modified":"2024-12-19T17:36:56","modified_gmt":"2024-12-19T17:36:56","slug":"quan-ly-tai-khoan","status":"publish","type":"page","link":"https:\/\/knstgroup.com\/sites\/anneco\/quan-ly-tai-khoan\/","title":{"rendered":"Qu\u1ea3n l\u00fd t\u00e0i kho\u1ea3n"},"content":{"rendered":"\n  <div class=\"banner has-hover\" id=\"banner-621423595\">\n          <div class=\"banner-inner fill\">\n        <div class=\"banner-bg fill\" >\n                                                \n                    <\/div>\n\t\t\n\t<div class=\"ux-shape-divider ux-shape-divider--bottom ux-shape-divider--style-waves-opacity-3\">\n\t\t<svg viewBox=\"0 0 1000 300\" xmlns=\"http:\/\/www.w3.org\/2000\/svg\" preserveAspectRatio=\"none\">\n\t<path class=\"ux-shape-fill\" opacity=\"0.05\" d=\"M1014 264V386H206L34 300C34 300 344.42 277.16 436 221C542 156 590 160 704 209C811 255 899.11 214.94 979 346L1014 264Z\"\/>\n\t<path class=\"ux-shape-fill\" opacity=\"0.1\" d=\"M-302 55C-302 55 -66.73 263.25 50 214C178 160 283 116 353 141C445.68 174.1 534.28 256.19 588 249C692.9 235 764.52 75.94 855 131C940.61 183.09 1000 254 1000 254V328L-306 338L-302 55Z\"\/>\n\t<path class=\"ux-shape-fill\" opacity=\"0.15\" d=\"M-286 255C-286 255 -72 152 52 126C176 100 255 155 436 227C581.57 284.91 614.7 277.79 708 227C787 184 1009 3.0001 1093 164C1146 265.63 1031 293 1031 293L924 377L-288 389L-286 255Z\"\/>\n\t<path class=\"ux-shape-fill\" opacity=\"0.3\" d=\"M-24 69C-24 69 275.68 370.66 389 314C397 310 622 316 673 356C690.47 369.7 845 224 890 182C944.8 130.85 1018 92 1078 143C1154.12 207.7 1196 242 1196 242L1184 374L-28 386L-24 69Z\"\/>\n\t<path class=\"ux-shape-fill\" d=\"M-12 201C-12 201 58 284 182 258C306 232 342.29 221.23 456 264C565 305 640.82 288.36 721 249C776 222 837.5 191.31 935 253C984 284 1030 279 1030 279L1024 430L-12 440V201Z\"\/>\n<\/svg>\n\t<\/div>\n        <div class=\"banner-layers container\">\n            <div class=\"fill banner-link\"><\/div>            \n   <div id=\"text-box-244521233\" class=\"text-box banner-layer x0 md-x0 lg-x0 y20 md-y20 lg-y20 res-text\">\n                                <div class=\"text-box-content text dark\">\n              \n              <div class=\"text-inner text-center\">\n                  \n<h1><span style=\"color: #2068a0;\"><strong>QU\u1ea2N L\u00dd T\u00c0I KHO\u1ea2N<\/strong><\/span><\/h1>\n<h3><span style=\"color: #2068a0;\"><strong>V\u1eacN H\u00c0NH V\u00c0 KINH DOANH B\u1ec0N V\u1eeeNG<\/strong><\/span><\/h3>\n<a class=\"button primary lowercase\"  style=\"border-radius:99px;\">\n\t\t<span>Li\u00ean H\u1ec7 Ngay<\/span>\n\t<\/a>\n\n              <\/div>\n           <\/div>\n                            \n<style>\n#text-box-244521233 {\n  width: 54%;\n}\n#text-box-244521233 .text-box-content {\n  font-size: 100%;\n}\n<\/style>\n    <\/div>\n \n\t<div class=\"img has-hover x90 md-x90 lg-x90 y0 md-y0 lg-y0\" id=\"image_579101175\">\n\t\t\t\t\t\t\t\t<div class=\"img-inner dark\" >\n\t\t\t<img loading=\"lazy\" decoding=\"async\" width=\"608\" height=\"605\" src=\"https:\/\/knstgroup.com\/sites\/anneco\/wp-content\/uploads\/sites\/14\/2024\/12\/ql_TK-1.png\" class=\"attachment-large size-large\" alt=\"\" srcset=\"https:\/\/knstgroup.com\/sites\/anneco\/wp-content\/uploads\/sites\/14\/2024\/12\/ql_TK-1.png 608w, https:\/\/knstgroup.com\/sites\/anneco\/wp-content\/uploads\/sites\/14\/2024\/12\/ql_TK-1-300x300.png 300w, https:\/\/knstgroup.com\/sites\/anneco\/wp-content\/uploads\/sites\/14\/2024\/12\/ql_TK-1-150x150.png 150w\" sizes=\"auto, (max-width: 608px) 100vw, 608px\" \/>\t\t\t\t\t\t\n\t\t\t\t\t<\/div>\n\t\t\t\t\t\t\t\t\n<style>\n#image_579101175 {\n  width: 34%;\n}\n<\/style>\n\t<\/div>\n\t\n        <\/div>\n      <\/div>\n\n            \n<style>\n#banner-621423595 {\n  padding-top: 500px;\n  background-color: rgb(230, 244, 255);\n}\n#banner-621423595 .ux-shape-divider--bottom svg {\n  height: 150px;\n  --divider-width: 100%;\n}\n#banner-621423595 .ux-shape-divider--bottom .ux-shape-fill {\n  fill: rgb(250, 250, 250);\n}\n<\/style>\n  <\/div>\n\n\n<div class=\"row\"  id=\"row-2029315174\">\n\n\t<div id=\"col-169499649\" class=\"col small-12 large-12\"  >\n\t\t\t\t<div class=\"col-inner\"  >\n\t\t\t\n\t\t\t\n\t<div id=\"text-39373717\" class=\"text\">\n\t\t\n<p class=\"font_7 wixui-rich-text__text\" style=\"text-align: center;\"><span class=\"wixui-rich-text__text\">Qu\u00e1 tr\u00ecnh v\u1eadn h\u00e0nh v\u00e0 b\u00e1n h\u00e0ng tr\u00ean c\u00e1c th\u1ecb tr\u01b0\u1eddng lu\u00f4n \u0111\u00f2i h\u1ecfi r\u1ea5t nhi\u1ec1u v\u1ec1 th\u1eddi gian, chi ph\u00ed, ki\u1ebfn th\u1ee9c chuy\u00ean m\u00f4n c\u0169ng nh\u01b0 ph\u1ea3i \u0111\u1ed1i m\u1eb7t v\u1edbi nhi\u1ec1u r\u00e0o c\u1ea3n kh\u00e1c nhau. Trong th\u1eddi \u0111\u1ea1i kinh doanh xuy\u00ean bi\u00ean gi\u1edbi nh\u01b0 hi\u1ec7n nay, nh\u1ea5t l\u00e0 <\/span><span class=\"wixui-rich-text__text\">\u0111\u1ed1i v\u1edbi ng\u01b0\u1eddi l\u00e0m kinh doanh tr\u00ean th\u1ecb tr\u01b0\u1eddng Th\u01b0\u01a1ng m\u1ea1i \u0110i\u1ec7n t\u1eed, vi\u1ec7c duy tr\u00ec t\u00e0i kho\u1ea3n nh\u00e0 b\u00e1n h\u00e0ng l\u00e0 \u0111i\u1ec1u ti\u00ean quy\u1ebft \u0111\u1ec3 kinh doanh b\u1ec1n v\u1eefng tr\u00ean th\u1ecb tr\u01b0\u1eddng \u0111\u1ea7y ti\u1ec1m n\u0103ng song c\u0169ng ch\u1ee9a \u0111\u1ea7y r\u1ee7i ro n\u00e0y.<\/span><\/p>\n<p class=\"font_7 wixui-rich-text__text\" style=\"text-align: center;\"><br class=\"wixui-rich-text__text\" \/><span class=\"wixui-rich-text__text\">V\u1edbi \u0111\u1ed9i ng\u0169 chuy\u00ean gia gi\u00e0u kinh nghi\u1ec7m, Anneco Group t\u1ef1 tin mang \u0111\u1ebfn d\u1ecbch v\u1ee5 <\/span><span class=\"wixui-rich-text__text\">\u201cQu\u1ea3n l\u00fd t\u00e0i kho\u1ea3n\u201d &#8211; gi\u1ea3i ph\u00e1p hi\u1ec7u qu\u1ea3 \u0111\u1ec3 l\u00e0m ch\u1ee7 kinh doanh to\u00e0n c\u1ea7u.<\/span><\/p>\n\t\t\n<style>\n#text-39373717 {\n  font-size: 1rem;\n}\n<\/style>\n\t<\/div>\n\t\n\t\t<\/div>\n\t\t\t\t\n<style>\n#col-169499649 > .col-inner {\n  padding: 30px 120px 0px 120px;\n}\n<\/style>\n\t<\/div>\n\n\t\n<\/div>\n\n\t<section class=\"section\" id=\"section_996793285\">\n\t\t<div class=\"section-bg fill\" >\n\t\t\t\t\t\t\t\t\t\n\t\t\t\n\n\t\t<\/div>\n\n\t\t\t<div class=\"ux-shape-divider ux-shape-divider--top ux-shape-divider--style-curve-opacity\">\n\t\t<svg viewBox=\"0 0 1000 100\" xmlns=\"http:\/\/www.w3.org\/2000\/svg\" preserveAspectRatio=\"none\">\n\t\t<path class=\"ux-shape-fill\" opacity=\"0.15\" d=\"M0 14C0 14 88.64 17.48 300 50C560 90 814 77 1003 40L1015 68L1018 104H0V14Z\"\/>\n\t\t<path class=\"ux-shape-fill\" opacity=\"0.3\" d=\"M0 45C0 45 271 90.13 500 77C657 68 830 30 1015 14V100H0V45Z\"\/>\n\t\t<path class=\"ux-shape-fill\" d=\"M0 58C0 58 188.29 90 508 90C798 90 1002 55 1002 55V100H0V58Z\"\/>\n<\/svg>\n\t<\/div>\n\n\t<div class=\"ux-shape-divider ux-shape-divider--bottom ux-shape-divider--style-triangle-opacity\">\n\t\t<svg viewBox=\"0 0 1000 100\" xmlns=\"http:\/\/www.w3.org\/2000\/svg\" preserveAspectRatio=\"none\">\n\t<path class=\"ux-shape-fill\" d=\"M1025 100H-25L500 24L1025 100Z\"\/>\n\t<path class=\"ux-shape-fill\" opacity=\"0.3\" d=\"M1025 100H-25L500 0L1025 100Z\"\/>\n<\/svg>\n\t<\/div>\n\n\t\t<div class=\"section-content relative\">\n\t\t\t\n<div class=\"row row-large\"  id=\"row-1535304548\">\n\n\t<div id=\"col-1813140660\" class=\"col small-12 large-12\"  >\n\t\t\t\t<div class=\"col-inner\"  >\n\t\t\t\n\t\t\t\n<h2 style=\"text-align: center;\"><strong>CH\u00daNG T\u00d4I CUNG C\u1ea4P GI\u1ea2I PH\u00c1P TO\u00c0N DI\u1ec6N TH\u00d4NG QUA <\/strong><\/h2>\n<h2 style=\"text-align: center;\"><strong>C\u00c1C G\u00d3I D\u1ecaCH V\u1ee4 CH\u1ea4T L\u01af\u1ee2NG CAO<\/strong><\/h2>\n\t\t<\/div>\n\t\t\t\t\t<\/div>\n\n\t\n\n\t<div id=\"col-2143032497\" class=\"col medium-4 small-12 large-4\"  >\n\t\t\t\t<div class=\"col-inner text-center\" style=\"background-color:rgb(255, 255, 255);\" >\n\t\t\t\n\t\t\t\n<h3 style=\"text-align: center;\"><strong>G\u00d3I QU\u1ea2N L\u00dd C\u01a0 B\u1ea2N<\/strong><\/h3>\n<p style=\"text-align: center;\">Tri\u1ec3n khai v\u00e0 Qu\u1ea3n l\u00fd b\u00e1n h\u00e0ng tr\u00ean Amazon<\/p>\n<a class=\"button primary is-small lowercase\"  style=\"border-radius:99px;\">\n\t\t<span>Li\u00ean H\u1ec7 Ngay<\/span>\n\t<\/a>\n\n\t\t<\/div>\n\t\t\t\t\n<style>\n#col-2143032497 > .col-inner {\n  padding: 30px 15px 30px 15px;\n  border-radius: 15px;\n}\n<\/style>\n\t<\/div>\n\n\t\n\n\t<div id=\"col-775291654\" class=\"col medium-4 small-12 large-4\"  >\n\t\t\t\t<div class=\"col-inner text-center\" style=\"background-color:rgb(255, 255, 255);\" >\n\t\t\t\n\t\t\t\n<h3 style=\"text-align: center;\"><strong>G\u00d3I QU\u1ea2N L\u00dd TO\u00c0N DI\u1ec6N<\/strong><\/h3>\n<p style=\"text-align: center;\">Tri\u1ec3n khai v\u00e0 Qu\u1ea3n l\u00fd b\u00e1n h\u00e0ng tr\u00ean Amazon<\/p>\n<a class=\"button primary is-small lowercase\"  style=\"border-radius:99px;\">\n\t\t<span>Li\u00ean H\u1ec7 Ngay<\/span>\n\t<\/a>\n\n\t\t<\/div>\n\t\t\t\t\n<style>\n#col-775291654 > .col-inner {\n  padding: 30px 15px 30px 15px;\n  border-radius: 15px;\n}\n<\/style>\n\t<\/div>\n\n\t\n\n\t<div id=\"col-419439116\" class=\"col medium-4 small-12 large-4\"  >\n\t\t\t\t<div class=\"col-inner text-center\" style=\"background-color:rgb(255, 255, 255);\" >\n\t\t\t\n\t\t\t\n<h3 style=\"text-align: center;\"><strong>G\u00d3I QU\u1ea2N L\u00dd CAO C\u1ea4P<\/strong><\/h3>\n<p style=\"text-align: center;\">Kho t\u00e0i nguy\u00ean chuy\u00ean d\u1ee5ng v\u1edbi y\u00eau c\u1ea7u kh\u00f4ng gi\u1edbi h\u1ea1n<\/p>\n<a class=\"button primary is-small lowercase\"  style=\"border-radius:99px;\">\n\t\t<span>Li\u00ean H\u1ec7 Ngay<\/span>\n\t<\/a>\n\n\t\t<\/div>\n\t\t\t\t\n<style>\n#col-419439116 > .col-inner {\n  padding: 30px 15px 30px 15px;\n  border-radius: 15px;\n}\n<\/style>\n\t<\/div>\n\n\t\n<\/div>\n\t\t<\/div>\n\n\t\t\n<style>\n#section_996793285 {\n  padding-top: 90px;\n  padding-bottom: 90px;\n  background-color: rgb(218, 239, 255);\n}\n#section_996793285 .ux-shape-divider--top svg {\n  height: 150px;\n  --divider-top-width: 100%;\n}\n#section_996793285 .ux-shape-divider--bottom svg {\n  height: 100px;\n  --divider-width: 130%;\n}\n<\/style>\n\t<\/section>\n\t\n<div class=\"row\"  id=\"row-1177273291\">\n\n\t<div id=\"col-192623684\" class=\"col small-12 large-12\"  >\n\t\t\t\t<div class=\"col-inner\"  >\n\t\t\t\n\t\t\t\n\t<div id=\"text-623501590\" class=\"text\">\n\t\t\n<h2><strong>CAM K\u1ebeT \u0110\u1ed2NG H\u00c0NH C\u00d9NG QU\u00dd KH\u00c1CH H\u00c0NG V\u00c0 MANG \u0110\u1ebeN <\/strong><\/h2>\n<h2><strong>D\u1ecaCH V\u1ee4 TO\u00c0N DI\u1ec6N NH\u1ea4T<\/strong><\/h2>\n\t\t\n<style>\n#text-623501590 {\n  text-align: center;\n}\n<\/style>\n\t<\/div>\n\t\n\t\t<\/div>\n\t\t\t\t\t<\/div>\n\n\t\n\n\t<div id=\"col-1893417938\" class=\"col small-12 large-12\"  >\n\t\t\t\t<div class=\"col-inner text-center\"  >\n\t\t\t\n\t\t\t\n\t<div class=\"img has-hover x md-x lg-x y md-y lg-y\" id=\"image_884728938\">\n\t\t\t\t\t\t\t\t<div class=\"img-inner dark\" >\n\t\t\t<img loading=\"lazy\" decoding=\"async\" width=\"1020\" height=\"676\" src=\"https:\/\/knstgroup.com\/sites\/anneco\/wp-content\/uploads\/sites\/14\/2024\/12\/ql2-1024x679.png\" class=\"attachment-large size-large\" alt=\"\" srcset=\"https:\/\/knstgroup.com\/sites\/anneco\/wp-content\/uploads\/sites\/14\/2024\/12\/ql2-1024x679.png 1024w, https:\/\/knstgroup.com\/sites\/anneco\/wp-content\/uploads\/sites\/14\/2024\/12\/ql2-300x199.png 300w, https:\/\/knstgroup.com\/sites\/anneco\/wp-content\/uploads\/sites\/14\/2024\/12\/ql2-768x509.png 768w, https:\/\/knstgroup.com\/sites\/anneco\/wp-content\/uploads\/sites\/14\/2024\/12\/ql2.png 1257w\" sizes=\"auto, (max-width: 1020px) 100vw, 1020px\" \/>\t\t\t\t\t\t\n\t\t\t\t\t<\/div>\n\t\t\t\t\t\t\t\t\n<style>\n#image_884728938 {\n  width: 79%;\n}\n<\/style>\n\t<\/div>\n\t\n\t\t<\/div>\n\t\t\t\t\t<\/div>\n\n\t\n<\/div>\n\n  <div class=\"banner has-hover has-parallax\" id=\"banner-811532242\">\n          <div class=\"banner-inner fill\">\n        <div class=\"banner-bg fill\" data-parallax=\"-7\" data-parallax-container=\".banner\" data-parallax-background>\n            <img loading=\"lazy\" decoding=\"async\" width=\"2560\" height=\"1845\" src=\"https:\/\/knstgroup.com\/sites\/anneco\/wp-content\/uploads\/sites\/14\/2024\/12\/ql3-scaled.jpg\" class=\"bg attachment-original size-original\" alt=\"\" \/>                                    \n                    <\/div>\n\t\t\t<div class=\"ux-shape-divider ux-shape-divider--top ux-shape-divider--style-waves\">\n\t\t<svg viewBox=\"0 0 1200 120\" xmlns=\"http:\/\/www.w3.org\/2000\/svg\" preserveAspectRatio=\"none\">\n  <path class=\"ux-shape-fill\" d=\"M321.39 63.56c58 10.79 114.16 30.13 172 41.86 82.39 16.72 168.19 17.73 250.45.39C823.78 89 906.67 48 985.66 27.17c70.05-18.48 146.53-26.09 214.34-3V120H0V92.65a600.21 600.21 0 01321.39-29.09z\"\/>\n<\/svg>\n\t<\/div>\n\n\t<div class=\"ux-shape-divider ux-shape-divider--bottom ux-shape-divider--style-waves-opacity-3 ux-shape-divider--flip\">\n\t\t<svg viewBox=\"0 0 1000 300\" xmlns=\"http:\/\/www.w3.org\/2000\/svg\" preserveAspectRatio=\"none\">\n\t<path class=\"ux-shape-fill\" opacity=\"0.05\" d=\"M1014 264V386H206L34 300C34 300 344.42 277.16 436 221C542 156 590 160 704 209C811 255 899.11 214.94 979 346L1014 264Z\"\/>\n\t<path class=\"ux-shape-fill\" opacity=\"0.1\" d=\"M-302 55C-302 55 -66.73 263.25 50 214C178 160 283 116 353 141C445.68 174.1 534.28 256.19 588 249C692.9 235 764.52 75.94 855 131C940.61 183.09 1000 254 1000 254V328L-306 338L-302 55Z\"\/>\n\t<path class=\"ux-shape-fill\" opacity=\"0.15\" d=\"M-286 255C-286 255 -72 152 52 126C176 100 255 155 436 227C581.57 284.91 614.7 277.79 708 227C787 184 1009 3.0001 1093 164C1146 265.63 1031 293 1031 293L924 377L-288 389L-286 255Z\"\/>\n\t<path class=\"ux-shape-fill\" opacity=\"0.3\" d=\"M-24 69C-24 69 275.68 370.66 389 314C397 310 622 316 673 356C690.47 369.7 845 224 890 182C944.8 130.85 1018 92 1078 143C1154.12 207.7 1196 242 1196 242L1184 374L-28 386L-24 69Z\"\/>\n\t<path class=\"ux-shape-fill\" d=\"M-12 201C-12 201 58 284 182 258C306 232 342.29 221.23 456 264C565 305 640.82 288.36 721 249C776 222 837.5 191.31 935 253C984 284 1030 279 1030 279L1024 430L-12 440V201Z\"\/>\n<\/svg>\n\t<\/div>\n        <div class=\"banner-layers container\">\n            <div class=\"fill banner-link\"><\/div>            \n        <\/div>\n      <\/div>\n\n            \n<style>\n#banner-811532242 {\n  padding-top: 500px;\n}\n#banner-811532242 .ux-shape-divider--top svg {\n  height: 200px;\n  --divider-top-width: 100%;\n}\n#banner-811532242 .ux-shape-divider--bottom svg {\n  height: 150px;\n  --divider-width: 100%;\n}\n#banner-811532242 .ux-shape-divider--bottom .ux-shape-fill {\n  fill: rgb(32, 104, 160);\n}\n<\/style>\n  <\/div>\n\n\n","protected":false},"excerpt":{"rendered":"","protected":false},"author":1,"featured_media":0,"parent":0,"menu_order":0,"comment_status":"closed","ping_status":"closed","template":"page-blank.php","meta":{"footnotes":""},"class_list":["post-115","page","type-page","status-publish","hentry"],"_links":{"self":[{"href":"https:\/\/knstgroup.com\/sites\/anneco\/wp-json\/wp\/v2\/pages\/115","targetHints":{"allow":["GET"]}}],"collection":[{"href":"https:\/\/knstgroup.com\/sites\/anneco\/wp-json\/wp\/v2\/pages"}],"about":[{"href":"https:\/\/knstgroup.com\/sites\/anneco\/wp-json\/wp\/v2\/types\/page"}],"author":[{"embeddable":true,"href":"https:\/\/knstgroup.com\/sites\/anneco\/wp-json\/wp\/v2\/users\/1"}],"replies":[{"embeddable":true,"href":"https:\/\/knstgroup.com\/sites\/anneco\/wp-json\/wp\/v2\/comments?post=115"}],"version-history":[{"count":13,"href":"https:\/\/knstgroup.com\/sites\/anneco\/wp-json\/wp\/v2\/pages\/115\/revisions"}],"predecessor-version":[{"id":132,"href":"https:\/\/knstgroup.com\/sites\/anneco\/wp-json\/wp\/v2\/pages\/115\/revisions\/132"}],"wp:attachment":[{"href":"https:\/\/knstgroup.com\/sites\/anneco\/wp-json\/wp\/v2\/media?parent=115"}],"curies":[{"name":"wp","href":"https:\/\/api.w.org\/{rel}","templated":true}]}}